Last updated on 2022-06-26 23:51:58 CEST.
Flavor | Version | Tinstall | Tcheck | Ttotal | Status | Flags |
---|---|---|---|---|---|---|
r-devel-linux-x86_64-debian-clang | 1.2 | 45.18 | 31.41 | 76.59 | OK | |
r-devel-linux-x86_64-debian-gcc | 1.2 | 37.72 | 25.39 | 63.11 | OK | |
r-devel-linux-x86_64-fedora-clang | 1.2 | 124.63 | NOTE | |||
r-devel-linux-x86_64-fedora-gcc | 1.2 | 106.88 | NOTE | |||
r-devel-windows-x86_64 | 1.2 | 37.00 | 80.00 | 117.00 | OK | |
r-patched-linux-x86_64 | 1.2 | 38.53 | 31.26 | 69.79 | OK | |
r-release-linux-x86_64 | 1.2 | 37.93 | 31.14 | 69.07 | OK | |
r-release-macos-arm64 | 1.2 | 32.00 | NOTE | |||
r-release-macos-x86_64 | 1.2 | 42.00 | NOTE | |||
r-release-windows-x86_64 | 1.2 | 42.00 | 82.00 | 124.00 | OK | |
r-oldrel-macos-arm64 | 1.2 | 42.00 | NOTE | |||
r-oldrel-macos-x86_64 | 1.2 | 55.00 | NOTE | |||
r-oldrel-windows-ix86+x86_64 | 1.2 | 114.00 | 75.00 | 189.00 | OK |
Version: 1.2
Check: installed package size
Result: NOTE
installed size is 5.9Mb
sub-directories of 1Mb or more:
libs 5.4Mb
Flavors: r-devel-linux-x86_64-fedora-clang, r-release-macos-arm64, r-release-macos-x86_64, r-oldrel-macos-arm64, r-oldrel-macos-x86_64
Version: 1.2
Check: compiled code
Result: NOTE
File ‘FastGP/libs/FastGP.so’:
Found no calls to: ‘R_registerRoutines’, ‘R_useDynamicSymbols’
It is good practice to register native routines and to disable symbol
search.
See ‘Writing portable packages’ in the ‘Writing R Extensions’ manual.
Flavors: r-devel-linux-x86_64-fedora-clang, r-devel-linux-x86_64-fedora-gcc