CRAN Package Check Results for Package FastBandChol

Last updated on 2022-12-02 23:50:27 CET.

Flavor Version Tinstall Tcheck Ttotal Status Flags
r-devel-linux-x86_64-debian-clang 0.1.1 25.61 29.08 54.69 NOTE
r-devel-linux-x86_64-debian-gcc 0.1.1 24.16 22.74 46.90 NOTE
r-devel-linux-x86_64-fedora-clang 0.1.1 95.54 NOTE
r-devel-linux-x86_64-fedora-gcc 0.1.1 86.02 NOTE
r-devel-windows-x86_64 0.1.1 35.00 84.00 119.00 NOTE
r-patched-linux-x86_64 0.1.1 26.43 27.24 53.67 NOTE
r-release-linux-x86_64 0.1.1 22.31 28.60 50.91 NOTE
r-release-macos-arm64 0.1.1 26.00 NOTE
r-release-macos-x86_64 0.1.1 34.00 NOTE
r-release-windows-x86_64 0.1.1 35.00 80.00 115.00 NOTE
r-oldrel-macos-arm64 0.1.1 30.00 NOTE
r-oldrel-macos-x86_64 0.1.1 42.00 NOTE
r-oldrel-windows-ix86+x86_64 0.1.1 80.00 86.00 166.00 NOTE

Check Details

Version: 0.1.1
Check: LazyData
Result: NOTE
     'LazyData' is specified without a 'data' directory
Flavors: r-devel-linux-x86_64-debian-clang, r-devel-linux-x86_64-debian-gcc, r-devel-linux-x86_64-fedora-clang, r-devel-linux-x86_64-fedora-gcc, r-devel-windows-x86_64, r-patched-linux-x86_64, r-release-linux-x86_64, r-release-macos-arm64, r-release-macos-x86_64, r-release-windows-x86_64, r-oldrel-macos-arm64, r-oldrel-macos-x86_64, r-oldrel-windows-ix86+x86_64

Version: 0.1.1
Check: compiled code
Result: NOTE
    File ‘FastBandChol/libs/FastBandChol.so’:
     Found no calls to: ‘R_registerRoutines’, ‘R_useDynamicSymbols’
    
    It is good practice to register native routines and to disable symbol
    search.
    
    See ‘Writing portable packages’ in the ‘Writing R Extensions’ manual.
Flavors: r-devel-linux-x86_64-fedora-clang, r-devel-linux-x86_64-fedora-gcc