CRAN Package Check Results for Package FactoClass

Last updated on 2019-10-20 23:47:24 CEST.

Flavor Version Tinstall Tcheck Ttotal Status Flags
r-devel-linux-x86_64-debian-clang 1.2.7 7.32 52.23 59.55 NOTE
r-devel-linux-x86_64-debian-gcc 1.2.7 5.72 39.57 45.29 NOTE
r-devel-linux-x86_64-fedora-clang 1.2.7 71.92 NOTE
r-devel-linux-x86_64-fedora-gcc 1.2.7 68.86 NOTE
r-devel-windows-ix86+x86_64 1.2.7 19.00 87.00 106.00 OK
r-patched-linux-x86_64 1.2.7 7.47 51.19 58.66 OK
r-patched-solaris-x86 1.2.7 101.00 OK
r-release-linux-x86_64 1.2.7 6.80 50.85 57.65 OK
r-release-windows-ix86+x86_64 1.2.7 29.00 129.00 158.00 OK
r-release-osx-x86_64 1.2.7 OK
r-oldrel-windows-ix86+x86_64 1.2.7 15.00 89.00 104.00 OK
r-oldrel-osx-x86_64 1.2.7 OK

Check Details

Version: 1.2.7
Check: for non-standard things in the check directory
Result: NOTE
    Found the following files/directories:
     'Bogota.tex' 'DogBreeds1.tex'
Flavors: r-devel-linux-x86_64-debian-clang, r-devel-linux-x86_64-debian-gcc, r-devel-linux-x86_64-fedora-clang, r-devel-linux-x86_64-fedora-gcc