CRAN Package Check Results for Package FPDclustering

Last updated on 2024-06-15 00:54:06 CEST.

Flavor Version Tinstall Tcheck Ttotal Status Flags
r-devel-linux-x86_64-debian-clang 2.3.1 11.65 118.51 130.16 OK
r-devel-linux-x86_64-debian-gcc 2.3.1 6.11 86.29 92.40 OK
r-devel-linux-x86_64-fedora-clang 2.3.1 154.65 OK
r-devel-linux-x86_64-fedora-gcc 2.3.1 145.81 OK
r-devel-windows-x86_64 2.3.1 10.00 99.00 109.00 OK
r-patched-linux-x86_64 2.3.1 9.06 110.55 119.61 OK
r-release-linux-x86_64 2.3.1 10.20 107.30 117.50 OK
r-release-macos-arm64 2.3.1 46.00 OK
r-release-macos-x86_64 2.3.1 63.00 OK
r-release-windows-x86_64 2.3.1 9.00 64.00 73.00 FAIL
r-oldrel-macos-arm64 2.3.1 48.00 OK
r-oldrel-macos-x86_64 2.3.1 90.00 OK
r-oldrel-windows-x86_64 2.3.1 12.00 123.00 135.00 OK

Check Details

Version: 2.3.1
Check: contents of ‘data’ directory
Result: FAIL
Flavor: r-release-windows-x86_64