CRAN Package Check Results for Package FOCI

Last updated on 2023-03-27 00:50:24 CEST.

Flavor Version Tinstall Tcheck Ttotal Status Flags
r-devel-linux-x86_64-debian-clang 0.1.3 2.96 66.33 69.29 NOTE
r-devel-linux-x86_64-debian-gcc 0.1.3 2.30 44.66 46.96 NOTE
r-devel-linux-x86_64-fedora-gcc 0.1.3 89.87 NOTE
r-devel-windows-x86_64 0.1.3 10.00 90.00 100.00 NOTE
r-patched-linux-x86_64 0.1.3 2.92 62.30 65.22 NOTE
r-release-linux-x86_64 0.1.3 2.52 64.32 66.84 NOTE
r-release-macos-arm64 0.1.3 30.00 NOTE
r-release-macos-x86_64 0.1.3 41.00 NOTE
r-release-windows-x86_64 0.1.3 10.00 93.00 103.00 NOTE
r-oldrel-macos-arm64 0.1.3 33.00 NOTE
r-oldrel-macos-x86_64 0.1.3 45.00 NOTE
r-oldrel-windows-ix86+x86_64 0.1.3 7.00 105.00 112.00 NOTE

Check Details

Version: 0.1.3
Check: LazyData
Result: NOTE
     'LazyData' is specified without a 'data' directory
Flavors: r-devel-linux-x86_64-debian-clang, r-devel-linux-x86_64-debian-gcc, r-devel-linux-x86_64-fedora-gcc, r-devel-windows-x86_64, r-patched-linux-x86_64, r-release-linux-x86_64, r-release-macos-arm64, r-release-macos-x86_64, r-release-windows-x86_64, r-oldrel-macos-arm64, r-oldrel-macos-x86_64, r-oldrel-windows-ix86+x86_64