CRAN Package Check Results for Package FLightR

Last updated on 2022-11-29 22:53:36 CET.

Flavor Version Tinstall Tcheck Ttotal Status Flags
r-devel-linux-x86_64-debian-clang 0.5.2 11.31 261.88 273.19 OK
r-devel-linux-x86_64-debian-gcc 0.5.2 7.50 190.31 197.81 OK
r-devel-linux-x86_64-fedora-clang 0.5.2 345.92 NOTE
r-devel-linux-x86_64-fedora-gcc 0.5.2 324.72 NOTE
r-devel-windows-x86_64 0.5.2 21.00 330.00 351.00 OK
r-patched-linux-x86_64 0.5.2 9.46 236.40 245.86 OK
r-release-linux-x86_64 0.5.2 6.29 237.31 243.60 OK
r-release-macos-arm64 0.5.2 89.00 NOTE
r-release-macos-x86_64 0.5.2 140.00 NOTE
r-release-windows-x86_64 0.5.2 36.00 324.00 360.00 OK
r-oldrel-macos-arm64 0.5.2 76.00 NOTE
r-oldrel-macos-x86_64 0.5.2 110.00 NOTE
r-oldrel-windows-ix86+x86_64 0.5.2 18.00 333.00 351.00 OK

Check Details

Version: 0.5.2
Check: dependencies in R code
Result: NOTE
    Namespace in Imports field not imported from: ‘rgdal’
     All declared Imports should be used.
Flavors: r-devel-linux-x86_64-fedora-clang, r-devel-linux-x86_64-fedora-gcc, r-release-macos-arm64, r-release-macos-x86_64, r-oldrel-macos-arm64, r-oldrel-macos-x86_64