CRAN Package Check Results for Package FHtest

Last updated on 2022-06-28 23:54:04 CEST.

Flavor Version Tinstall Tcheck Ttotal Status Flags
r-devel-linux-x86_64-debian-clang 1.5 10.86 83.66 94.52 OK
r-devel-linux-x86_64-debian-gcc 1.5 7.07 63.62 70.69 OK
r-devel-linux-x86_64-fedora-clang 1.5 121.38 NOTE
r-devel-linux-x86_64-fedora-gcc 1.5 121.84 OK
r-devel-windows-x86_64 1.5 16.00 114.00 130.00 OK
r-patched-linux-x86_64 1.5 8.24 81.30 89.54 OK
r-release-linux-x86_64 1.5 9.08 82.52 91.60 OK
r-release-macos-arm64 1.5 38.00 OK
r-release-macos-x86_64 1.5 52.00 OK
r-release-windows-x86_64 1.5 15.00 111.00 126.00 OK
r-oldrel-macos-arm64 1.5 49.00 OK
r-oldrel-macos-x86_64 1.5 74.00 OK
r-oldrel-windows-ix86+x86_64 1.5 19.00 103.00 122.00 OK

Check Details

Version: 1.5
Check: Rd cross-references
Result: NOTE
    Undeclared packages ‘MLEcens’, ‘Icens’ in Rd xrefs
Flavor: r-devel-linux-x86_64-fedora-clang