CRAN Package Check Results for Package FCSlib

Last updated on 2022-11-26 23:58:14 CET.

Flavor Version Tinstall Tcheck Ttotal Status Flags
r-devel-linux-x86_64-debian-clang 1.3.0 11.91 86.06 97.97 OK
r-devel-linux-x86_64-debian-gcc 1.3.0 8.25 64.07 72.32 OK
r-devel-linux-x86_64-fedora-clang 1.3.0 129.99 OK
r-devel-linux-x86_64-fedora-gcc 1.3.0 126.46 OK
r-devel-windows-x86_64 1.3.0 18.00 119.00 137.00 OK
r-patched-linux-x86_64 1.3.0 OK
r-release-linux-x86_64 1.3.0 10.69 81.12 91.81 OK
r-release-macos-arm64 1.3.0 41.00 NOTE
r-release-macos-x86_64 1.3.0 68.00 OK
r-release-windows-x86_64 1.3.0 21.00 119.00 140.00 OK
r-oldrel-macos-arm64 1.3.0 45.00 NOTE
r-oldrel-macos-x86_64 1.3.0 51.00 OK
r-oldrel-windows-ix86+x86_64 1.3.0 26.00 107.00 133.00 OK

Additional issues

donttest

Check Details

Version: 1.3.0
Check: installed package size
Result: NOTE
     installed size is 5.7Mb
     sub-directories of 1Mb or more:
     data 5.6Mb
Flavors: r-release-macos-arm64, r-oldrel-macos-arm64