CRAN Package Check Results for Package FCSlib

Last updated on 2024-06-20 00:59:32 CEST.

Flavor Version Tinstall Tcheck Ttotal Status Flags
r-devel-linux-x86_64-debian-clang 1.3.0 9.15 65.59 74.74 NOTE
r-devel-linux-x86_64-debian-gcc 1.3.0 8.30 49.24 57.54 NOTE
r-devel-linux-x86_64-fedora-clang 1.3.0 93.52 NOTE
r-devel-linux-x86_64-fedora-gcc 1.3.0 89.53 NOTE
r-devel-windows-x86_64 1.3.0 9.00 72.00 81.00 NOTE
r-patched-linux-x86_64 1.3.0 14.75 64.29 79.04 NOTE
r-release-linux-x86_64 1.3.0 8.96 63.11 72.07 NOTE
r-release-macos-arm64 1.3.0 28.00 NOTE
r-release-macos-x86_64 1.3.0 46.00 NOTE
r-release-windows-x86_64 1.3.0 10.00 88.00 98.00 NOTE
r-oldrel-macos-arm64 1.3.0 35.00 OK
r-oldrel-macos-x86_64 1.3.0 57.00 NOTE
r-oldrel-windows-x86_64 1.3.0 13.00 81.00 94.00 OK

Additional issues

donttest

Check Details

Version: 1.3.0
Check: Rd files
Result: NOTE checkRd: (-1) fcs.Rd:36: Lost braces; missing escapes or markup? 36 | The argument nPoints must be smaller than the total number of temporal observations N, it is recommended to set nPoints = 2^n, with n = {2, ..., infinity}. | ^ Flavors: r-devel-linux-x86_64-debian-clang, r-devel-linux-x86_64-debian-gcc, r-devel-linux-x86_64-fedora-clang, r-devel-linux-x86_64-fedora-gcc, r-devel-windows-x86_64, r-patched-linux-x86_64, r-release-linux-x86_64, r-release-macos-arm64, r-release-macos-x86_64, r-release-windows-x86_64

Version: 1.3.0
Check: installed package size
Result: NOTE installed size is 5.9Mb sub-directories of 1Mb or more: data 5.8Mb Flavors: r-release-macos-x86_64, r-oldrel-macos-x86_64