CRAN Package Check Results for Package FCMapper

Last updated on 2021-04-14 23:47:10 CEST.

Flavor Version Tinstall Tcheck Ttotal Status Flags
r-devel-linux-x86_64-debian-clang 1.1 2.20 22.67 24.87 OK
r-devel-linux-x86_64-debian-gcc 1.1 1.69 17.77 19.46 OK
r-devel-linux-x86_64-fedora-clang 1.1 39.59 OK
r-devel-linux-x86_64-fedora-gcc 1.1 29.14 OK
r-devel-windows-ix86+x86_64 1.1 4.00 42.00 46.00 OK
r-devel-windows-x86_64-gcc10-UCRT 1.1 OK
r-patched-linux-x86_64 1.1 2.07 21.93 24.00 OK
r-patched-solaris-x86 1.1 47.50 OK
r-release-linux-x86_64 1.1 2.22 22.64 24.86 OK
r-release-macos-x86_64 1.1 OK
r-release-windows-ix86+x86_64 1.1 5.00 39.00 44.00 OK
r-oldrel-macos-x86_64 1.1 FAIL
r-oldrel-windows-ix86+x86_64 1.1 4.00 26.00 30.00 OK

Check Details

Version: 1.1
Check: examples
Result: FAIL
Flavor: r-oldrel-macos-x86_64