Last updated on 2022-06-24 23:50:10 CEST.
Flavor | Version | Tinstall | Tcheck | Ttotal | Status | Flags |
---|---|---|---|---|---|---|
r-devel-linux-x86_64-debian-clang | 0.3.0 | 3.62 | 39.13 | 42.75 | OK | |
r-devel-linux-x86_64-debian-gcc | 0.3.0 | 3.33 | 29.33 | 32.66 | OK | |
r-devel-linux-x86_64-fedora-clang | 0.3.0 | 63.43 | OK | |||
r-devel-linux-x86_64-fedora-gcc | 0.3.0 | 61.09 | OK | |||
r-devel-windows-x86_64 | 0.3.0 | 45.00 | 67.00 | 112.00 | OK | |
r-patched-linux-x86_64 | 0.3.0 | 4.59 | 38.48 | 43.07 | OK | |
r-release-linux-x86_64 | 0.3.0 | 2.67 | 37.37 | 40.04 | OK | |
r-release-macos-arm64 | 0.3.0 | 24.00 | OK | |||
r-release-macos-x86_64 | 0.3.0 | 29.00 | OK | |||
r-release-windows-x86_64 | 0.3.0 | 51.00 | 66.00 | 117.00 | OK | |
r-oldrel-macos-arm64 | 0.3.0 | 27.00 | OK | |||
r-oldrel-macos-x86_64 | 0.3.0 | 35.00 | OK | |||
r-oldrel-windows-ix86+x86_64 | 0.3.0 | 8.00 | 54.00 | 62.00 | WARN |
Version: 0.3.0
Check: re-building of vignette outputs
Result: WARN
Error(s) in re-building vignettes:
--- re-building 'FAMoS-EvaluationFunctions.Rmd' using rmarkdown
Error: processing vignette 'FAMoS-EvaluationFunctions.Rmd' failed with diagnostics:
only `math_method = 'mathjax'` is supported with earlier version than Pandoc 2.0
--- failed re-building 'FAMoS-EvaluationFunctions.Rmd'
--- re-building 'FAMoS-Examples.Rmd' using rmarkdown
Error: processing vignette 'FAMoS-Examples.Rmd' failed with diagnostics:
only `math_method = 'mathjax'` is supported with earlier version than Pandoc 2.0
--- failed re-building 'FAMoS-Examples.Rmd'
SUMMARY: processing the following files failed:
'FAMoS-EvaluationFunctions.Rmd' 'FAMoS-Examples.Rmd'
Error: Vignette re-building failed.
Execution halted
Flavor: r-oldrel-windows-ix86+x86_64