CRAN Package Check Results for Package ExpertChoice

Last updated on 2022-12-02 23:50:27 CET.

Flavor Version Tinstall Tcheck Ttotal Status Flags
r-devel-linux-x86_64-debian-clang 0.2.0 2.34 55.64 57.98 NOTE
r-devel-linux-x86_64-debian-gcc 0.2.0 1.86 43.10 44.96 NOTE
r-devel-linux-x86_64-fedora-clang 0.2.0 83.50 NOTE
r-devel-linux-x86_64-fedora-gcc 0.2.0 84.35 NOTE
r-devel-windows-x86_64 0.2.0 19.00 96.00 115.00 NOTE
r-patched-linux-x86_64 0.2.0 2.19 52.18 54.37 NOTE
r-release-linux-x86_64 0.2.0 1.69 53.67 55.36 NOTE
r-release-macos-arm64 0.2.0 28.00 NOTE
r-release-macos-x86_64 0.2.0 50.00 NOTE
r-release-windows-x86_64 0.2.0 29.00 99.00 128.00 NOTE
r-oldrel-macos-arm64 0.2.0 34.00 NOTE
r-oldrel-macos-x86_64 0.2.0 49.00 NOTE
r-oldrel-windows-ix86+x86_64 0.2.0 7.00 80.00 87.00 NOTE

Check Details

Version: 0.2.0
Check: LazyData
Result: NOTE
     'LazyData' is specified without a 'data' directory
Flavors: r-devel-linux-x86_64-debian-clang, r-devel-linux-x86_64-debian-gcc, r-devel-linux-x86_64-fedora-clang, r-devel-linux-x86_64-fedora-gcc, r-devel-windows-x86_64, r-patched-linux-x86_64, r-release-linux-x86_64, r-release-macos-arm64, r-release-macos-x86_64, r-release-windows-x86_64, r-oldrel-macos-arm64, r-oldrel-macos-x86_64, r-oldrel-windows-ix86+x86_64