CRAN Package Check Results for Package EstimateGroupNetwork

Last updated on 2021-04-21 23:48:01 CEST.

Flavor Version Tinstall Tcheck Ttotal Status Flags
r-devel-linux-x86_64-debian-clang 0.3.1 13.34 112.76 126.10 NOTE
r-devel-linux-x86_64-debian-gcc 0.3.1 10.25 81.19 91.44 NOTE
r-devel-linux-x86_64-fedora-clang 0.3.1 160.80 NOTE
r-devel-linux-x86_64-fedora-gcc 0.3.1 151.36 NOTE
r-devel-windows-ix86+x86_64 0.3.1 31.00 129.00 160.00 NOTE
r-devel-windows-x86_64-gcc10-UCRT 0.3.1 NOTE
r-patched-linux-x86_64 0.3.1 11.69 102.09 113.78 OK
r-patched-solaris-x86 0.3.1 214.50 OK
r-release-linux-x86_64 0.3.1 14.33 100.46 114.79 OK
r-release-macos-x86_64 0.3.1 OK
r-release-windows-ix86+x86_64 0.3.1 32.00 129.00 161.00 OK
r-oldrel-macos-x86_64 0.3.1 OK
r-oldrel-windows-ix86+x86_64 0.3.1 27.00 127.00 154.00 OK

Check Details

Version: 0.3.1
Check: LazyData
Result: NOTE
     'LazyData' is specified without a 'data' directory
Flavors: r-devel-linux-x86_64-debian-clang, r-devel-linux-x86_64-debian-gcc, r-devel-linux-x86_64-fedora-clang, r-devel-linux-x86_64-fedora-gcc, r-devel-windows-ix86+x86_64, r-devel-windows-x86_64-gcc10-UCRT