Last updated on 2022-06-30 23:52:13 CEST.
Flavor | Version | Tinstall | Tcheck | Ttotal | Status | Flags |
---|---|---|---|---|---|---|
r-devel-linux-x86_64-debian-clang | 1.0 | 34.45 | 82.75 | 117.20 | OK | |
r-devel-linux-x86_64-debian-gcc | 1.0 | 27.20 | 63.03 | 90.23 | OK | |
r-devel-linux-x86_64-fedora-clang | 1.0 | 161.48 | NOTE | |||
r-devel-linux-x86_64-fedora-gcc | 1.0 | 157.66 | NOTE | |||
r-devel-windows-x86_64 | 1.0 | 33.00 | 123.00 | 156.00 | OK | |
r-patched-linux-x86_64 | 1.0 | 28.59 | 81.32 | 109.91 | OK | |
r-release-linux-x86_64 | 1.0 | 30.78 | 79.87 | 110.65 | OK | |
r-release-macos-arm64 | 1.0 | 44.00 | OK | |||
r-release-macos-x86_64 | 1.0 | 59.00 | OK | |||
r-release-windows-x86_64 | 1.0 | 73.00 | 125.00 | 198.00 | OK | |
r-oldrel-macos-arm64 | 1.0 | 54.00 | OK | |||
r-oldrel-macos-x86_64 | 1.0 | 62.00 | OK | |||
r-oldrel-windows-ix86+x86_64 | 1.0 | 87.00 | 149.00 | 236.00 | OK |
Version: 1.0
Check: compiled code
Result: NOTE
File ‘EstHer/libs/EstHer.so’:
Found no calls to: ‘R_registerRoutines’, ‘R_useDynamicSymbols’
It is good practice to register native routines and to disable symbol
search.
See ‘Writing portable packages’ in the ‘Writing R Extensions’ manual.
Flavors: r-devel-linux-x86_64-fedora-clang, r-devel-linux-x86_64-fedora-gcc