CRAN Package Check Results for Package Epi

Last updated on 2022-01-25 23:50:23 CET.

Flavor Version Tinstall Tcheck Ttotal Status Flags
r-devel-linux-x86_64-debian-clang 2.44 24.75 598.61 623.36 OK
r-devel-linux-x86_64-debian-gcc 2.44 20.89 465.38 486.27 OK
r-devel-linux-x86_64-fedora-clang 2.44 738.35 NOTE
r-devel-linux-x86_64-fedora-gcc 2.44 739.84 OK
r-devel-windows-x86_64-new-UL 2.44 157.00 289.00 446.00 OK --no-vignettes
r-devel-windows-x86_64-new-TK 2.44 NOTE
r-patched-linux-x86_64 2.44 24.61 595.33 619.94 OK
r-release-linux-x86_64 2.44 26.07 589.37 615.44 OK
r-release-macos-arm64 2.44 OK
r-release-macos-x86_64 2.44 OK
r-release-windows-ix86+x86_64 2.44 50.00 250.00 300.00 OK --no-vignettes
r-oldrel-macos-x86_64 2.44 OK
r-oldrel-windows-ix86+x86_64 2.44 50.00 304.00 354.00 OK --no-vignettes

Additional issues

noSuggests

Check Details

Version: 2.44
Check: Rd cross-references
Result: NOTE
    Undeclared packages ‘ilc’, ‘demography’ in Rd xrefs
Flavor: r-devel-linux-x86_64-fedora-clang

Version: 2.44
Check: package dependencies
Result: NOTE
    Package suggested but not available for checking: 'lme4'
Flavor: r-devel-windows-x86_64-new-TK