CRAN Package Check Results for Package EnviroStat

Last updated on 2019-08-18 23:47:32 CEST.

Flavor Version Tinstall Tcheck Ttotal Status Flags
r-devel-linux-x86_64-debian-clang 0.4-2 6.73 65.45 72.18 NOTE
r-devel-linux-x86_64-debian-gcc 0.4-2 5.61 50.18 55.79 NOTE
r-devel-linux-x86_64-fedora-clang 0.4-2 88.68 NOTE
r-devel-linux-x86_64-fedora-gcc 0.4-2 83.17 NOTE
r-devel-windows-ix86+x86_64 0.4-2 24.00 116.00 140.00 NOTE
r-patched-linux-x86_64 0.4-2 6.09 64.12 70.21 NOTE
r-patched-solaris-x86 0.4-2 124.10 NOTE
r-release-linux-x86_64 0.4-2 5.87 64.48 70.35 NOTE
r-release-windows-ix86+x86_64 0.4-2 24.00 74.00 98.00 NOTE
r-release-osx-x86_64 0.4-2 NOTE
r-oldrel-windows-ix86+x86_64 0.4-2 23.00 107.00 130.00 NOTE
r-oldrel-osx-x86_64 0.4-2 NOTE

Check Details

Version: 0.4-2
Check: R code for possible problems
Result: NOTE
    Disp.link: no visible global function definition for 'colors'
    Disp.link: no visible global function definition for 'dev.cur'
    Disp.link: no visible global function definition for 'dev.set'
    Disp.link: no visible global function definition for 'points'
    Disp.link: no visible global function definition for 'title'
    Disp.link: no visible global function definition for 'plot'
    Disp.link: no visible global function definition for 'identify'
    Disp.link: no visible global function definition for 'lines'
    Disp.link: no visible global function definition for 'dev.off'
    Falternate3: no visible global function definition for 'dev.cur'
    Falternate3: no visible global function definition for 'dev.set'
    Falternate3: no visible global function definition for 'par'
    Falternate3: no visible global function definition for 'rnorm'
    Falternate3: no visible global function definition for 'var'
    Falternate3: no visible global function definition for 'plot'
    Falternate3: no visible global function definition for 'points'
    Falternate3: no visible global function definition for 'text'
    Fmdsfit3: no visible global function definition for 'nlm'
    Ftransdraw: no visible global function definition for 'par'
    Ftransdraw: no visible global function definition for 'text'
    Ftransdraw: no visible global function definition for 'lines'
    Ftransdraw: no visible global function definition for 'title'
    Ftransdraw: no visible global function definition for 'locator'
    Ftransdraw: no visible global function definition for 'plot'
    Ftransdraw: no visible global function definition for 'abline'
    Ftransdraw: no visible global function definition for 'points'
    Fvariogfit3: no visible global function definition for 'nlm'
    draw: no visible global function definition for 'points'
    draw: no visible global function definition for 'lines'
    draw: no visible global function definition for 'matlines'
    drinteg: no visible global function definition for 'locator'
    plotCoordChange: no visible global function definition for 'text'
    plotCoordChange: no visible global function definition for 'symbols'
    plotCoordChange: no visible global function definition for 'arrows'
    plotCoordChange: no visible global function definition for 'title'
    plotCoordChange: no visible global function definition for 'par'
    plotDispersionDist: no visible global function definition for 'plot'
    plotDispersionDist: no visible global function definition for 'title'
    plotDispersionDist: no visible global function definition for 'abline'
    plotDispersionDist: no visible global function definition for 'lines'
    plotDispersionDist: no visible global function definition for 'points'
    pred.dist.simul: no visible global function definition for 'rt'
    setplot: no visible global function definition for 'par'
    setplot: no visible global function definition for 'plot'
    staircase.EM: no visible global function definition for 'var'
    staircase.EM: no visible global function definition for 'dgamma'
    Undefined global functions or variables:
     abline arrows colors dev.cur dev.off dev.set dgamma identify lines
     locator matlines nlm par plot points rnorm rt symbols text title var
    Consider adding
     importFrom("grDevices", "colors", "dev.cur", "dev.off", "dev.set")
     importFrom("graphics", "abline", "arrows", "identify", "lines",
     "locator", "matlines", "par", "plot", "points", "symbols",
     "text", "title")
     importFrom("stats", "dgamma", "nlm", "rnorm", "rt", "var")
    to your NAMESPACE file.
Flavors: r-devel-linux-x86_64-debian-clang, r-devel-linux-x86_64-debian-gcc, r-devel-linux-x86_64-fedora-clang, r-devel-linux-x86_64-fedora-gcc, r-devel-windows-ix86+x86_64, r-patched-linux-x86_64, r-patched-solaris-x86, r-release-linux-x86_64, r-release-windows-ix86+x86_64, r-release-osx-x86_64, r-oldrel-windows-ix86+x86_64, r-oldrel-osx-x86_64

Version: 0.4-2
Check: compiled code
Result: NOTE
    File ‘EnviroStat/libs/EnviroStat.so’:
     Found no calls to: ‘R_registerRoutines’, ‘R_useDynamicSymbols’
    
    It is good practice to register native routines and to disable symbol
    search.
    
    See ‘Writing portable packages’ in the ‘Writing R Extensions’ manual.
Flavors: r-devel-linux-x86_64-fedora-clang, r-devel-linux-x86_64-fedora-gcc