CRAN Package Check Results for Package EntropyMCMC

Last updated on 2021-12-04 23:50:31 CET.

Flavor Version Tinstall Tcheck Ttotal Status Flags
r-devel-linux-x86_64-debian-clang 1.0.4 13.06 110.55 123.61 OK
r-devel-linux-x86_64-debian-gcc 1.0.4 8.19 83.39 91.58 OK
r-devel-linux-x86_64-fedora-clang 1.0.4 144.36 OK
r-devel-linux-x86_64-fedora-gcc 1.0.4 133.68 OK
r-devel-windows-x86_64-new-UL 1.0.4 22.00 143.00 165.00 OK
r-devel-windows-x86_64-new-TK 1.0.4 OK
r-devel-windows-x86_64-old 1.0.4 18.00 96.00 114.00 OK
r-patched-linux-x86_64 1.0.4 11.47 95.83 107.30 OK
r-release-linux-x86_64 1.0.4 11.55 96.22 107.77 OK
r-release-macos-arm64 1.0.4 NOTE
r-release-macos-x86_64 1.0.4 NOTE
r-release-windows-ix86+x86_64 1.0.4 25.00 169.00 194.00 OK
r-oldrel-macos-x86_64 1.0.4 NOTE
r-oldrel-windows-ix86+x86_64 1.0.4 26.00 176.00 202.00 OK

Check Details

Version: 1.0.4
Check: package dependencies
Result: NOTE
    Package suggested but not available for checking: ‘Rmpi’
Flavors: r-release-macos-arm64, r-release-macos-x86_64, r-oldrel-macos-x86_64