CRAN Package Check Results for Package EnsembleBase

Last updated on 2020-11-25 23:51:36 CET.

Flavor Version Tinstall Tcheck Ttotal Status Flags
r-devel-linux-x86_64-debian-clang 1.0.2 14.07 86.47 100.54 OK
r-devel-linux-x86_64-debian-gcc 1.0.2 10.37 66.31 76.68 OK
r-devel-linux-x86_64-fedora-clang 1.0.2 131.28 OK
r-devel-linux-x86_64-fedora-gcc 1.0.2 119.86 OK
r-devel-windows-ix86+x86_64 1.0.2 26.00 117.00 143.00 OK
r-patched-linux-x86_64 1.0.2 11.85 81.39 93.24 OK
r-patched-solaris-x86 1.0.2 169.80 OK
r-release-linux-x86_64 1.0.2 12.45 80.05 92.50 OK
r-release-macos-x86_64 1.0.2 OK
r-release-windows-ix86+x86_64 1.0.2 26.00 89.00 115.00 OK
r-oldrel-macos-x86_64 1.0.2 OK
r-oldrel-windows-ix86+x86_64 1.0.2 11.00 6.00 17.00 ERROR

Check Details

Version: 1.0.2
Check: whether package can be installed
Result: ERROR
    Installation failed.
Flavor: r-oldrel-windows-ix86+x86_64