CRAN Package Check Results for Package ElstonStewart

Last updated on 2019-05-23 02:46:43 CEST.

Flavor Version Tinstall Tcheck Ttotal Status Flags
r-devel-linux-x86_64-debian-clang 1.1 6.96 127.22 134.18 NOTE
r-devel-linux-x86_64-debian-gcc 1.1 5.56 101.98 107.54 NOTE
r-devel-linux-x86_64-fedora-clang 1.1 166.71 NOTE
r-devel-linux-x86_64-fedora-gcc 1.1 162.96 NOTE
r-devel-windows-ix86+x86_64 1.1 14.00 155.00 169.00 NOTE
r-patched-linux-x86_64 1.1 7.18 125.06 132.24 NOTE
r-patched-solaris-x86 1.1 237.30 NOTE
r-release-linux-x86_64 1.1 6.27 126.63 132.90 NOTE
r-release-windows-ix86+x86_64 1.1 16.00 144.00 160.00 NOTE
r-release-osx-x86_64 1.1 NOTE
r-oldrel-windows-ix86+x86_64 1.1 6.00 109.00 115.00 NOTE
r-oldrel-osx-x86_64 1.1 NOTE

Check Details

Version: 1.1
Check: DESCRIPTION meta-information
Result: NOTE
    Malformed Description field: should contain one or more complete sentences.
Flavors: r-devel-linux-x86_64-debian-clang, r-devel-linux-x86_64-debian-gcc, r-devel-linux-x86_64-fedora-clang, r-devel-linux-x86_64-fedora-gcc, r-devel-windows-ix86+x86_64, r-patched-linux-x86_64, r-patched-solaris-x86, r-release-linux-x86_64, r-release-windows-ix86+x86_64, r-release-osx-x86_64, r-oldrel-windows-ix86+x86_64, r-oldrel-osx-x86_64

Version: 1.1
Check: dependencies in R code
Result: NOTE
    Package in Depends field not imported from: 'parallel'
     These packages need to be imported from (in the NAMESPACE file)
     for when this namespace is loaded but not attached.
Flavors: r-devel-linux-x86_64-debian-clang, r-devel-linux-x86_64-debian-gcc, r-devel-linux-x86_64-fedora-clang, r-devel-linux-x86_64-fedora-gcc, r-devel-windows-ix86+x86_64, r-patched-linux-x86_64, r-patched-solaris-x86, r-release-linux-x86_64, r-release-windows-ix86+x86_64, r-release-osx-x86_64, r-oldrel-windows-ix86+x86_64, r-oldrel-osx-x86_64

Version: 1.1
Check: R code for possible problems
Result: NOTE
    Likelihood: no visible global function definition for
     'makePSOCKcluster'
    Likelihood: no visible global function definition for 'clusterExport'
    Likelihood: no visible global function definition for 'makeForkCluster'
    Likelihood.first.run: no visible global function definition for
     'clusterApply'
    Likelihood.next.runs: no visible global function definition for
     'clusterApply'
    es.stopCluster: no visible global function definition for 'stopCluster'
    plot.es.pedigree: no visible global function definition for 'hasArg'
    Undefined global functions or variables:
     clusterApply clusterExport hasArg makeForkCluster makePSOCKcluster
     stopCluster
    Consider adding
     importFrom("methods", "hasArg")
    to your NAMESPACE file (and ensure that your DESCRIPTION Imports field
    contains 'methods').
Flavors: r-devel-linux-x86_64-debian-clang, r-devel-linux-x86_64-debian-gcc, r-devel-linux-x86_64-fedora-clang, r-devel-linux-x86_64-fedora-gcc, r-devel-windows-ix86+x86_64, r-patched-linux-x86_64, r-patched-solaris-x86, r-release-linux-x86_64, r-release-windows-ix86+x86_64, r-release-osx-x86_64, r-oldrel-windows-ix86+x86_64, r-oldrel-osx-x86_64