CRAN Package Check Results for Package EffectLiteR

Last updated on 2020-02-17 00:49:09 CET.

Flavor Version Tinstall Tcheck Ttotal Status Flags
r-devel-linux-x86_64-debian-clang 0.4-4 7.64 52.65 60.29 OK
r-devel-linux-x86_64-debian-gcc 0.4-4 0.38 1.73 2.11 ERROR
r-devel-linux-x86_64-fedora-clang 0.4-4 73.39 OK
r-devel-windows-ix86+x86_64 0.4-4 19.00 72.00 91.00 OK
r-devel-windows-ix86+x86_64-gcc8 0.4-4 29.00 97.00 126.00 OK
r-patched-linux-x86_64 0.4-4 5.24 45.60 50.84 OK
r-patched-solaris-x86 0.4-4 91.50 OK
r-release-linux-x86_64 0.4-4 6.46 46.40 52.86 OK
r-release-windows-ix86+x86_64 0.4-4 11.00 59.00 70.00 OK
r-release-osx-x86_64 0.4-4 OK
r-oldrel-windows-ix86+x86_64 0.4-4 9.00 60.00 69.00 OK
r-oldrel-osx-x86_64 0.4-4 OK

Check Details

Version: 0.4-4
Check: package dependencies
Result: ERROR
    Package required but not available: ‘car’
    
    See section ‘The DESCRIPTION file’ in the ‘Writing R Extensions’
    manual.
Flavor: r-devel-linux-x86_64-debian-gcc