CRAN Package Check Results for Package EditImputeCont

Last updated on 2021-04-17 23:48:23 CEST.

Flavor Version Tinstall Tcheck Ttotal Status Flags
r-devel-linux-x86_64-debian-clang 1.1.6 88.34 48.82 137.16 OK
r-devel-linux-x86_64-debian-gcc 1.1.6 63.92 38.32 102.24 OK
r-devel-linux-x86_64-fedora-clang 1.1.6 200.51 NOTE
r-devel-linux-x86_64-fedora-gcc 1.1.6 177.51 OK
r-devel-windows-ix86+x86_64 1.1.6 261.00 108.00 369.00 OK
r-devel-windows-x86_64-gcc10-UCRT 1.1.6 OK
r-patched-linux-x86_64 1.1.6 71.89 46.86 118.75 OK
r-patched-solaris-x86 1.1.6 177.90 OK
r-release-linux-x86_64 1.1.6 70.51 46.77 117.28 OK
r-release-macos-x86_64 1.1.6 NOTE
r-release-windows-ix86+x86_64 1.1.6 257.00 117.00 374.00 OK
r-oldrel-macos-x86_64 1.1.6 NOTE
r-oldrel-windows-ix86+x86_64 1.1.6 209.00 102.00 311.00 OK

Check Details

Version: 1.1.6
Check: installed package size
Result: NOTE
     installed size is 7.5Mb
     sub-directories of 1Mb or more:
     libs 7.3Mb
Flavors: r-devel-linux-x86_64-fedora-clang, r-release-macos-x86_64, r-oldrel-macos-x86_64