CRAN Package Check Results for Package EcoNetGen

Last updated on 2021-04-22 23:49:38 CEST.

Flavor Version Tinstall Tcheck Ttotal Status Flags
r-devel-linux-x86_64-debian-clang 0.2.3 6.86 53.87 60.73 NOTE
r-devel-linux-x86_64-debian-gcc 0.2.3 5.09 40.57 45.66 NOTE
r-devel-linux-x86_64-fedora-clang 0.2.3 80.43 NOTE
r-devel-linux-x86_64-fedora-gcc 0.2.3 68.76 NOTE
r-devel-windows-ix86+x86_64 0.2.3 21.00 95.00 116.00 NOTE
r-devel-windows-x86_64-gcc10-UCRT 0.2.3 NOTE
r-patched-linux-x86_64 0.2.3 5.90 49.77 55.67 OK
r-patched-solaris-x86 0.2.3 114.20 OK
r-release-linux-x86_64 0.2.3 6.64 50.21 56.85 OK
r-release-macos-x86_64 0.2.3 OK
r-release-windows-ix86+x86_64 0.2.3 22.00 80.00 102.00 OK
r-oldrel-macos-x86_64 0.2.3 OK
r-oldrel-windows-ix86+x86_64 0.2.3 27.00 92.00 119.00 OK

Check Details

Version: 0.2.3
Check: LazyData
Result: NOTE
     'LazyData' is specified without a 'data' directory
Flavors: r-devel-linux-x86_64-debian-clang, r-devel-linux-x86_64-debian-gcc, r-devel-linux-x86_64-fedora-clang, r-devel-linux-x86_64-fedora-gcc, r-devel-windows-ix86+x86_64, r-devel-windows-x86_64-gcc10-UCRT