CRAN Package Check Results for Package EML

Last updated on 2019-12-08 23:47:21 CET.

Flavor Version Tinstall Tcheck Ttotal Status Flags
r-devel-linux-x86_64-debian-clang 2.0.0 11.43 102.61 114.04 OK
r-devel-linux-x86_64-debian-gcc 2.0.0 8.84 78.98 87.82 OK
r-devel-linux-x86_64-fedora-clang 2.0.0 113.53 OK
r-devel-linux-x86_64-fedora-gcc 2.0.0 103.88 OK
r-devel-windows-ix86+x86_64 2.0.0 21.00 164.00 185.00 OK --no-vignettes
r-devel-windows-ix86+x86_64-gcc8 2.0.0 25.00 116.00 141.00 OK --no-vignettes
r-patched-linux-x86_64 2.0.0 10.32 95.16 105.48 OK
r-patched-solaris-x86 2.0.0 134.70 ERROR
r-release-linux-x86_64 2.0.0 9.48 94.91 104.39 OK
r-release-windows-ix86+x86_64 2.0.0 20.00 163.00 183.00 OK --no-vignettes
r-release-osx-x86_64 2.0.0 ERROR
r-oldrel-windows-ix86+x86_64 2.0.0 13.00 127.00 140.00 OK --no-vignettes
r-oldrel-osx-x86_64 2.0.0 ERROR

Check Details

Version: 2.0.0
Check: tests
Result: ERROR
     Running ‘spelling.R’
     Running ‘testthat.R’ [24s/35s]
    Running the tests in ‘tests/testthat.R’ failed.
    Complete output:
     > library(testthat)
     > library(EML)
     >
     > test_check("EML")
     sh: +RTS: not found
     ── 1. Error: set_method with additional input files (@test-additional-tests.R#43
     pandoc document conversion failed with error 127
     Backtrace:
     1. EML::set_methods(...)
     2. EML::set_TextType(sampling_file)
     3. EML:::to_docbook(file)
     4. rmarkdown::pandoc_convert(...)
    
     ══ 1 queries ═══════════════
     ✔ Found: Macrocystis pyrifera
     ══ Results ═════════════════
    
     ● Total: 1
     ● Found: 1
     ● Not Found: 0
     ══ testthat results ═══════════════════════════════════════════════════════════
     [ OK: 83 | SKIPPED: 6 | WARNINGS: 2 | FAILED: 1 ]
     1. Error: set_method with additional input files (@test-additional-tests.R#43)
    
     Error: testthat unit tests failed
     Execution halted
Flavor: r-patched-solaris-x86

Version: 2.0.0
Check: tests
Result: ERROR
     Running ‘spelling.R’ [0s/0s]
     Running ‘testthat.R’ [13s/15s]
    Running the tests in ‘tests/testthat.R’ failed.
    Last 13 lines of output:
     pandoc document conversion failed with error 127
     1: set_methods(methods_file) at testthat/test-eml2.R:25
     2: set_TextType(methods_file)
     3: to_docbook(file)
     4: pandoc_convert(basename(file), to = "docbook", output = normalizePath(docbook_file,
     winslash = "/", mustWork = FALSE), options = "-s")
     5: stop("pandoc document conversion failed with error ", result, call. = FALSE)
    
     ══ testthat results ═══════════════════════════════════════════════════════════
     OK: 83 SKIPPED: 5 WARNINGS: 3 FAILED: 2
     1. Error: set_method with additional input files (@test-additional-tests.R#43)
     2. Error: we can do a complete eml construction (@test-eml2.R#25)
    
     Error: testthat unit tests failed
     Execution halted
Flavor: r-release-osx-x86_64

Version: 2.0.0
Check: tests
Result: ERROR
     Running ‘spelling.R’ [0s/0s]
     Running ‘testthat.R’ [15s/16s]
    Running the tests in ‘tests/testthat.R’ failed.
    Last 13 lines of output:
    
     ══ 1 queries ═══════════════
     ✔ Found: Macrocystis pyrifera
     ══ Results ═════════════════
    
     ● Total: 1
     ● Found: 1
     ● Not Found: 0
     ══ testthat results ═══════════════════════════════════════════════════════════
     [ OK: 83 | SKIPPED: 5 | WARNINGS: 3 | FAILED: 2 ]
     1. Error: set_method with additional input files (@test-additional-tests.R#43)
     2. Error: we can do a complete eml construction (@test-eml2.R#25)
    
     Error: testthat unit tests failed
     Execution halted
Flavor: r-oldrel-osx-x86_64