CRAN Package Check Results for Package EHRtemporalVariability

Last updated on 2022-07-01 23:53:21 CEST.

Flavor Version Tinstall Tcheck Ttotal Status Flags
r-devel-linux-x86_64-debian-clang 1.1.4 8.54 113.02 121.56 OK
r-devel-linux-x86_64-debian-gcc 1.1.4 5.93 84.23 90.16 OK
r-devel-linux-x86_64-fedora-clang 1.1.4 153.09 NOTE
r-devel-linux-x86_64-fedora-gcc 1.1.4 151.12 OK
r-devel-windows-x86_64 1.1.4 170.00 168.00 338.00 NOTE
r-patched-linux-x86_64 1.1.4 6.08 107.31 113.39 OK
r-release-linux-x86_64 1.1.4 6.66 107.16 113.82 OK
r-release-macos-arm64 1.1.4 61.00 NOTE
r-release-macos-x86_64 1.1.4 83.00 NOTE
r-release-windows-x86_64 1.1.4 41.00 166.00 207.00 NOTE
r-oldrel-macos-arm64 1.1.4 259.00 NOTE
r-oldrel-macos-x86_64 1.1.4 87.00 NOTE
r-oldrel-windows-ix86+x86_64 1.1.4 20.00 247.00 267.00 NOTE

Check Details

Version: 1.1.4
Check: installed package size
Result: NOTE
     installed size is 11.5Mb
     sub-directories of 1Mb or more:
     doc 6.1Mb
     extdata 5.1Mb
Flavors: r-devel-linux-x86_64-fedora-clang, r-devel-windows-x86_64, r-release-macos-arm64, r-release-macos-x86_64, r-release-windows-x86_64, r-oldrel-macos-arm64, r-oldrel-macos-x86_64, r-oldrel-windows-ix86+x86_64

Version: 1.1.4
Check: package dependencies
Result: NOTE
    Package suggested but not available for checking: ‘BiocStyle’
Flavor: r-oldrel-macos-arm64