CRAN Package Check Results for Package EFS

Last updated on 2019-12-08 23:47:21 CET.

Flavor Version Tinstall Tcheck Ttotal Status Flags
r-devel-linux-x86_64-debian-clang 1.0.3 9.73 75.39 85.12 NOTE
r-devel-linux-x86_64-debian-gcc 1.0.3 7.00 58.75 65.75 NOTE
r-devel-linux-x86_64-fedora-clang 1.0.3 103.46 NOTE
r-devel-linux-x86_64-fedora-gcc 1.0.3 95.30 NOTE
r-devel-windows-ix86+x86_64 1.0.3 21.00 81.00 102.00 OK
r-devel-windows-ix86+x86_64-gcc8 1.0.3 19.00 81.00 100.00 OK
r-patched-linux-x86_64 1.0.3 8.39 68.18 76.57 OK
r-patched-solaris-x86 1.0.3 149.40 OK
r-release-linux-x86_64 1.0.3 7.89 67.00 74.89 OK
r-release-windows-ix86+x86_64 1.0.3 25.00 83.00 108.00 OK
r-release-osx-x86_64 1.0.3 OK
r-oldrel-windows-ix86+x86_64 1.0.3 10.00 77.00 87.00 OK
r-oldrel-osx-x86_64 1.0.3 OK

Check Details

Version: 1.0.3
Check: for non-standard things in the check directory
Result: NOTE
    Found the following files/directories:
     'eval_test_LG_ROC.pdf' 'test.pdf'
Flavors: r-devel-linux-x86_64-debian-clang, r-devel-linux-x86_64-debian-gcc, r-devel-linux-x86_64-fedora-clang, r-devel-linux-x86_64-fedora-gcc