CRAN Package Check Results for Package EFS

Last updated on 2019-07-22 06:47:37 CEST.

Flavor Version Tinstall Tcheck Ttotal Status Flags
r-devel-linux-x86_64-debian-clang 1.0.3 7.49 68.73 76.22 NOTE
r-devel-linux-x86_64-debian-gcc 1.0.3 8.50 54.72 63.22 NOTE
r-devel-linux-x86_64-fedora-clang 1.0.3 112.22 NOTE
r-devel-linux-x86_64-fedora-gcc 1.0.3 91.19 NOTE
r-devel-windows-ix86+x86_64 1.0.3 18.00 124.00 142.00 OK
r-patched-linux-x86_64 1.0.3 7.67 67.89 75.56 OK
r-patched-solaris-x86 1.0.3 150.10 OK
r-release-linux-x86_64 1.0.3 8.67 67.94 76.61 OK
r-release-windows-ix86+x86_64 1.0.3 18.00 79.00 97.00 OK
r-release-osx-x86_64 1.0.3 OK
r-oldrel-windows-ix86+x86_64 1.0.3 18.00 78.00 96.00 OK
r-oldrel-osx-x86_64 1.0.3 OK

Check Details

Version: 1.0.3
Check: for non-standard things in the check directory
Result: NOTE
    Found the following files/directories:
     'eval_test_LG_ROC.pdf' 'test.pdf'
Flavors: r-devel-linux-x86_64-debian-clang, r-devel-linux-x86_64-debian-gcc, r-devel-linux-x86_64-fedora-clang, r-devel-linux-x86_64-fedora-gcc