Last updated on 2022-06-30 23:52:12 CEST.
Flavor | Version | Tinstall | Tcheck | Ttotal | Status | Flags |
---|---|---|---|---|---|---|
r-devel-linux-x86_64-debian-clang | 1.0 | 2.78 | 30.86 | 33.64 | NOTE | |
r-devel-linux-x86_64-debian-gcc | 1.0 | 2.29 | 24.25 | 26.54 | NOTE | |
r-devel-linux-x86_64-fedora-clang | 1.0 | 52.70 | NOTE | |||
r-devel-linux-x86_64-fedora-gcc | 1.0 | 51.21 | NOTE | |||
r-devel-windows-x86_64 | 1.0 | 13.00 | 64.00 | 77.00 | OK | |
r-patched-linux-x86_64 | 1.0 | 5.09 | 30.28 | 35.37 | NOTE | |
r-release-linux-x86_64 | 1.0 | 2.30 | 29.60 | 31.90 | NOTE | |
r-release-macos-arm64 | 1.0 | 19.00 | OK | |||
r-release-macos-x86_64 | 1.0 | 25.00 | OK | |||
r-release-windows-x86_64 | 1.0 | 10.00 | 64.00 | 74.00 | OK | |
r-oldrel-macos-arm64 | 1.0 | 26.00 | OK | |||
r-oldrel-macos-x86_64 | 1.0 | 35.00 | OK | |||
r-oldrel-windows-ix86+x86_64 | 1.0 | 8.00 | 54.00 | 62.00 | OK |
Version: 1.0
Check: for non-standard things in the check directory
Result: NOTE
Found the following files/directories:
'tmplp.dat'
Flavors: r-devel-linux-x86_64-debian-clang, r-devel-linux-x86_64-debian-gcc, r-devel-linux-x86_64-fedora-clang, r-devel-linux-x86_64-fedora-gcc, r-patched-linux-x86_64, r-release-linux-x86_64