CRAN Package Check Results for Package E4tools

Last updated on 2024-06-15 00:54:05 CEST.

Flavor Version Tinstall Tcheck Ttotal Status Flags
r-devel-linux-x86_64-debian-clang 0.1.1 6.10 53.91 60.01 NOTE
r-devel-linux-x86_64-debian-gcc 0.1.1 4.31 40.29 44.60 NOTE
r-devel-linux-x86_64-fedora-clang 0.1.1 75.46 NOTE
r-devel-linux-x86_64-fedora-gcc 0.1.1 86.28 NOTE
r-devel-windows-x86_64 0.1.1 6.00 65.00 71.00 NOTE
r-patched-linux-x86_64 0.1.1 3.89 52.02 55.91 NOTE
r-release-linux-x86_64 0.1.1 3.92 52.02 55.94 NOTE
r-release-macos-arm64 0.1.1 33.00 NOTE
r-release-macos-x86_64 0.1.1 48.00 NOTE
r-release-windows-x86_64 0.1.1 7.00 76.00 83.00 NOTE
r-oldrel-macos-arm64 0.1.1 36.00 NOTE
r-oldrel-macos-x86_64 0.1.1 50.00 NOTE
r-oldrel-windows-x86_64 0.1.1 8.00 76.00 84.00 NOTE

Check Details

Version: 0.1.1
Check: LazyData
Result: NOTE 'LazyData' is specified without a 'data' directory Flavors: r-devel-linux-x86_64-debian-clang, r-devel-linux-x86_64-debian-gcc, r-devel-linux-x86_64-fedora-clang, r-devel-linux-x86_64-fedora-gcc, r-devel-windows-x86_64, r-patched-linux-x86_64, r-release-linux-x86_64, r-release-macos-arm64, r-release-macos-x86_64, r-release-windows-x86_64, r-oldrel-macos-arm64, r-oldrel-macos-x86_64, r-oldrel-windows-x86_64

Version: 0.1.1
Check: installed package size
Result: NOTE installed size is 5.1Mb sub-directories of 1Mb or more: extdata 4.8Mb Flavor: r-devel-linux-x86_64-fedora-clang

Version: 0.1.1
Check: dependencies in R code
Result: NOTE Namespace in Imports field not imported from: ‘hms’ All declared Imports should be used. Flavors: r-devel-linux-x86_64-fedora-clang, r-devel-linux-x86_64-fedora-gcc