CRAN Package Check Results for Package DrugClust

Last updated on 2022-05-17 23:56:33 CEST.

Flavor Version Tinstall Tcheck Ttotal Status Flags
r-devel-linux-x86_64-debian-clang 0.2 3.04 38.42 41.46 NOTE
r-devel-linux-x86_64-debian-gcc 0.2 2.52 29.46 31.98 NOTE
r-devel-linux-x86_64-fedora-clang 0.2 50.57 NOTE
r-devel-linux-x86_64-fedora-gcc 0.2 48.30 NOTE
r-devel-windows-x86_64 0.2 27.00 56.00 83.00 NOTE
r-patched-linux-x86_64 0.2 3.35 35.79 39.14 NOTE
r-release-linux-x86_64 0.2 2.69 37.06 39.75 NOTE
r-release-macos-arm64 0.2 18.00 NOTE
r-release-macos-x86_64 0.2 33.00 NOTE
r-release-windows-x86_64 0.2 22.00 55.00 77.00 NOTE
r-oldrel-macos-arm64 0.2 20.00 NOTE
r-oldrel-macos-x86_64 0.2 29.00 NOTE
r-oldrel-windows-ix86+x86_64 0.2 9.00 55.00 64.00 NOTE

Check Details

Version: 0.2
Check: LazyData
Result: NOTE
     'LazyData' is specified without a 'data' directory
Flavors: r-devel-linux-x86_64-debian-clang, r-devel-linux-x86_64-debian-gcc, r-devel-linux-x86_64-fedora-clang, r-devel-linux-x86_64-fedora-gcc, r-devel-windows-x86_64, r-patched-linux-x86_64, r-release-linux-x86_64, r-release-macos-arm64, r-release-macos-x86_64, r-release-windows-x86_64, r-oldrel-macos-arm64, r-oldrel-macos-x86_64, r-oldrel-windows-ix86+x86_64