CRAN Package Check Results for Package DistributionTest

Last updated on 2022-07-05 23:55:39 CEST.

Flavor Version Tinstall Tcheck Ttotal Status Flags
r-devel-linux-x86_64-debian-clang 1.1 3.83 33.76 37.59 NOTE
r-devel-linux-x86_64-debian-gcc 1.1 2.79 26.13 28.92 NOTE
r-devel-linux-x86_64-fedora-clang 1.1 54.85 NOTE
r-devel-linux-x86_64-fedora-gcc 1.1 57.84 NOTE
r-devel-windows-x86_64 1.1 26.00 55.00 81.00 NOTE
r-patched-linux-x86_64 1.1 2.63 32.89 35.52 NOTE
r-release-linux-x86_64 1.1 3.65 33.21 36.86 NOTE
r-release-macos-arm64 1.1 17.00 NOTE
r-release-macos-x86_64 1.1 25.00 NOTE
r-release-windows-x86_64 1.1 29.00 59.00 88.00 NOTE
r-oldrel-macos-arm64 1.1 20.00 NOTE
r-oldrel-macos-x86_64 1.1 34.00 NOTE
r-oldrel-windows-ix86+x86_64 1.1 6.00 57.00 63.00 NOTE

Check Details

Version: 1.1
Check: LazyData
Result: NOTE
     'LazyData' is specified without a 'data' directory
Flavors: r-devel-linux-x86_64-debian-clang, r-devel-linux-x86_64-debian-gcc, r-devel-linux-x86_64-fedora-clang, r-devel-linux-x86_64-fedora-gcc, r-devel-windows-x86_64, r-patched-linux-x86_64, r-release-linux-x86_64, r-release-macos-arm64, r-release-macos-x86_64, r-release-windows-x86_64, r-oldrel-macos-arm64, r-oldrel-macos-x86_64, r-oldrel-windows-ix86+x86_64