CRAN Package Check Results for Package DetR

Last updated on 2020-09-27 23:49:24 CEST.

Flavor Version Tinstall Tcheck Ttotal Status Flags
r-devel-linux-x86_64-debian-clang 0.0.5 56.76 37.29 94.05 OK
r-devel-linux-x86_64-debian-gcc 0.0.5 46.28 30.58 76.86 OK
r-devel-linux-x86_64-fedora-clang 0.0.5 136.76 NOTE
r-devel-linux-x86_64-fedora-gcc 0.0.5 141.40 OK
r-devel-windows-ix86+x86_64 0.0.5 112.00 84.00 196.00 OK
r-patched-linux-x86_64 0.0.5 49.97 37.46 87.43 OK
r-patched-solaris-x86 0.0.5 111.80 OK
r-release-linux-x86_64 0.0.5 48.65 37.99 86.64 OK
r-release-macos-x86_64 0.0.5 NOTE
r-release-windows-ix86+x86_64 0.0.5 111.00 80.00 191.00 OK
r-oldrel-macos-x86_64 0.0.5 NOTE
r-oldrel-windows-ix86+x86_64 0.0.5 107.00 75.00 182.00 OK

Check Details

Version: 0.0.5
Check: installed package size
Result: NOTE
     installed size is 18.8Mb
     sub-directories of 1Mb or more:
     libs 18.0Mb
Flavors: r-devel-linux-x86_64-fedora-clang, r-release-macos-x86_64, r-oldrel-macos-x86_64