CRAN Package Check Results for Package DetMCD

Last updated on 2019-11-10 23:48:24 CET.

Flavor Version Tinstall Tcheck Ttotal Status Flags
r-devel-linux-x86_64-debian-clang 0.0.5 37.03 23.26 60.29 OK
r-devel-linux-x86_64-debian-gcc 0.0.5 27.98 19.67 47.65 OK
r-devel-linux-x86_64-fedora-clang 0.0.5 79.70 NOTE
r-devel-linux-x86_64-fedora-gcc 0.0.5 78.17 OK
r-devel-windows-ix86+x86_64 0.0.5 52.00 51.00 103.00 OK
r-patched-linux-x86_64 0.0.5 28.34 23.60 51.94 OK
r-patched-solaris-x86 0.0.5 73.20 OK
r-release-linux-x86_64 0.0.5 30.90 23.55 54.45 OK
r-release-windows-ix86+x86_64 0.0.5 67.00 66.00 133.00 OK
r-release-osx-x86_64 0.0.5 NOTE
r-oldrel-windows-ix86+x86_64 0.0.5 64.00 73.00 137.00 OK
r-oldrel-osx-x86_64 0.0.5 NOTE

Check Details

Version: 0.0.5
Check: installed package size
Result: NOTE
     installed size is 11.0Mb
     sub-directories of 1Mb or more:
     libs 10.8Mb
Flavors: r-devel-linux-x86_64-fedora-clang, r-release-osx-x86_64, r-oldrel-osx-x86_64