CRAN Package Check Results for Package DesignCTPB

Last updated on 2022-12-03 23:56:13 CET.

Flavor Version Tinstall Tcheck Ttotal Status Flags
r-devel-linux-x86_64-debian-clang 1.1.3 2.94 32.05 34.99 OK
r-devel-linux-x86_64-debian-gcc 1.1.3 1.90 24.89 26.79 OK
r-devel-linux-x86_64-fedora-clang 1.1.3 54.15 NOTE
r-devel-linux-x86_64-fedora-gcc 1.1.3 52.48 NOTE
r-devel-windows-x86_64 1.1.3 12.00 73.00 85.00 OK
r-patched-linux-x86_64 1.1.3 2.20 30.85 33.05 OK
r-release-linux-x86_64 1.1.3 2.55 31.69 34.24 OK
r-release-macos-arm64 1.1.3 20.00 NOTE
r-release-macos-x86_64 1.1.3 30.00 NOTE
r-release-windows-x86_64 1.1.3 17.00 63.00 80.00 OK
r-oldrel-macos-arm64 1.1.3 21.00 NOTE
r-oldrel-macos-x86_64 1.1.3 28.00 NOTE
r-oldrel-windows-ix86+x86_64 1.1.3 8.00 56.00 64.00 OK

Check Details

Version: 1.1.3
Check: dependencies in R code
Result: NOTE
    Namespace in Imports field not imported from: ‘dplyr’
     All declared Imports should be used.
Flavors: r-devel-linux-x86_64-fedora-clang, r-devel-linux-x86_64-fedora-gcc, r-release-macos-arm64, r-release-macos-x86_64, r-oldrel-macos-arm64, r-oldrel-macos-x86_64