CRAN Package Check Results for Package DescToolsAddIns

Last updated on 2020-10-28 23:47:12 CET.

Flavor Version Tinstall Tcheck Ttotal Status Flags
r-devel-linux-x86_64-debian-clang 1.8 11.26 78.51 89.77 OK
r-devel-linux-x86_64-debian-gcc 1.8 8.63 58.39 67.02 OK
r-devel-linux-x86_64-fedora-clang 1.8 116.36 OK
r-devel-linux-x86_64-fedora-gcc 1.8 117.52 OK
r-devel-windows-ix86+x86_64 1.8 20.00 92.00 112.00 OK
r-patched-linux-x86_64 1.8 11.40 71.15 82.55 OK
r-patched-solaris-x86 1.8 150.00 OK
r-release-linux-x86_64 1.8 11.11 70.76 81.87 OK
r-release-macos-x86_64 1.8 OK
r-release-windows-ix86+x86_64 1.8 15.00 67.00 82.00 OK
r-oldrel-macos-x86_64 1.8 WARN
r-oldrel-windows-ix86+x86_64 1.8 18.00 85.00 103.00 OK

Check Details

Version: 1.8
Check: dependencies in R code
Result: NOTE
    No protocol specified
    No protocol specified
Flavor: r-oldrel-macos-x86_64

Version: 1.8
Check: S3 generic/method consistency
Result: WARN
    No protocol specified
    No protocol specified
    See section ‘Generic functions and methods’ in the ‘Writing R
    Extensions’ manual.
Flavor: r-oldrel-macos-x86_64

Version: 1.8
Check: replacement functions
Result: WARN
    No protocol specified
    No protocol specified
    The argument of a replacement function which corresponds to the right
    hand side must be named ‘value’.
Flavor: r-oldrel-macos-x86_64

Version: 1.8
Check: foreign function calls
Result: NOTE
    No protocol specified
    No protocol specified
    See chapter ‘System and foreign language interfaces’ in the ‘Writing R
    Extensions’ manual.
Flavor: r-oldrel-macos-x86_64

Version: 1.8
Check: R code for possible problems
Result: NOTE
    No protocol specified
    No protocol specified
Flavor: r-oldrel-macos-x86_64

Version: 1.8
Check: for missing documentation entries
Result: WARN
    No protocol specified
    No protocol specified
    All user-level objects in a package should have documentation entries.
    See chapter ‘Writing R documentation files’ in the ‘Writing R
    Extensions’ manual.
Flavor: r-oldrel-macos-x86_64

Version: 1.8
Check: for code/documentation mismatches
Result: WARN
    No protocol specified
    No protocol specified
    No protocol specified
    No protocol specified
    No protocol specified
    No protocol specified
Flavor: r-oldrel-macos-x86_64

Version: 1.8
Check: Rd \usage sections
Result: NOTE
    No protocol specified
    No protocol specified
    The \usage entries for S3 methods should use the \method markup and not
    their full name.
    See chapter ‘Writing R documentation files’ in the ‘Writing R
    Extensions’ manual.
Flavor: r-oldrel-macos-x86_64