CRAN Package Check Results for Package DeltaMAN

Last updated on 2023-06-02 01:00:23 CEST.

Flavor Version Tinstall Tcheck Ttotal Status Flags
r-devel-linux-x86_64-debian-clang 0.5.0 3.74 29.61 33.35 OK
r-devel-linux-x86_64-debian-gcc 0.5.0 3.05 23.13 26.18 OK
r-devel-linux-x86_64-fedora-clang 0.5.0 42.77 NOTE
r-devel-linux-x86_64-fedora-gcc 0.5.0 39.38 NOTE
r-devel-windows-x86_64 0.5.0 6.00 46.00 52.00 OK
r-patched-linux-x86_64 0.5.0 OK
r-release-linux-x86_64 0.5.0 3.26 28.66 31.92 OK
r-release-macos-arm64 0.5.0 21.00 OK
r-release-macos-x86_64 0.5.0 25.00 OK
r-release-windows-x86_64 0.5.0 6.00 45.00 51.00 OK
r-oldrel-macos-arm64 0.5.0 17.00 NOTE
r-oldrel-macos-x86_64 0.5.0 22.00 NOTE
r-oldrel-windows-x86_64 0.5.0 6.00 47.00 53.00 OK

Check Details

Version: 0.5.0
Check: dependencies in R code
Result: NOTE
    Namespaces in Imports field not imported from:
     ‘knitr’ ‘shinyBS’ ‘shinyMatrix’
     All declared Imports should be used.
Flavors: r-devel-linux-x86_64-fedora-clang, r-devel-linux-x86_64-fedora-gcc, r-oldrel-macos-arm64, r-oldrel-macos-x86_64