CRAN Package Check Results for Package DatabionicSwarm

Last updated on 2021-04-20 23:47:39 CEST.

Flavor Version Tinstall Tcheck Ttotal Status Flags
r-devel-linux-x86_64-debian-clang 1.1.5 154.37 103.87 258.24 OK
r-devel-linux-x86_64-debian-gcc 1.1.5 99.64 72.49 172.13 OK
r-devel-linux-x86_64-fedora-clang 1.1.5 360.86 NOTE
r-devel-linux-x86_64-fedora-gcc 1.1.5 308.23 OK
r-devel-windows-ix86+x86_64 1.1.5 269.00 123.00 392.00 NOTE
r-devel-windows-x86_64-gcc10-UCRT 1.1.5 NOTE
r-patched-linux-x86_64 1.1.5 125.22 97.14 222.36 OK
r-patched-solaris-x86 1.1.5 252.20 OK
r-release-linux-x86_64 1.1.5 118.92 92.13 211.05 OK
r-release-macos-x86_64 1.1.5 NOTE
r-release-windows-ix86+x86_64 1.1.5 352.00 174.00 526.00 NOTE
r-oldrel-macos-x86_64 1.1.5 NOTE
r-oldrel-windows-ix86+x86_64 1.1.5 294.00 155.00 449.00 NOTE

Check Details

Version: 1.1.5
Check: installed package size
Result: NOTE
     installed size is 7.1Mb
     sub-directories of 1Mb or more:
     doc 3.0Mb
     libs 3.8Mb
Flavors: r-devel-linux-x86_64-fedora-clang, r-devel-windows-ix86+x86_64, r-release-macos-x86_64, r-release-windows-ix86+x86_64, r-oldrel-macos-x86_64, r-oldrel-windows-ix86+x86_64

Version: 1.1.5
Check: package dependencies
Result: NOTE
    Package suggested but not available for checking: 'rgl'
Flavor: r-devel-windows-x86_64-gcc10-UCRT