CRAN Package Check Results for Package DatabaseConnector

Last updated on 2019-08-18 23:47:31 CEST.

Flavor Version Tinstall Tcheck Ttotal Status Flags
r-devel-linux-x86_64-debian-clang 2.4.1 7.28 57.32 64.60 OK
r-devel-linux-x86_64-debian-gcc 2.4.1 6.16 45.00 51.16 OK
r-devel-linux-x86_64-fedora-clang 2.4.1 78.45 NOTE
r-devel-linux-x86_64-fedora-gcc 2.4.1 74.15 NOTE
r-devel-windows-ix86+x86_64 2.4.1 18.00 115.00 133.00 OK
r-patched-linux-x86_64 2.4.1 6.65 56.17 62.82 OK
r-patched-solaris-x86 2.4.1 98.30 NOTE
r-release-linux-x86_64 2.4.1 6.28 55.51 61.79 OK
r-release-windows-ix86+x86_64 2.4.1 14.00 78.00 92.00 OK
r-release-osx-x86_64 2.4.1 NOTE
r-oldrel-windows-ix86+x86_64 2.4.1 13.00 116.00 129.00 OK
r-oldrel-osx-x86_64 2.4.1 NOTE

Check Details

Version: 2.4.1
Check: dependencies in R code
Result: NOTE
    Namespace in Imports field not imported from: ‘DatabaseConnectorJars’
     All declared Imports should be used.
Flavors: r-devel-linux-x86_64-fedora-clang, r-devel-linux-x86_64-fedora-gcc, r-patched-solaris-x86, r-release-osx-x86_64, r-oldrel-osx-x86_64