CRAN Package Check Results for Package DatabaseConnector

Last updated on 2019-06-07 02:50:48 CEST.

Flavor Version Tinstall Tcheck Ttotal Status Flags
r-devel-linux-x86_64-debian-clang 2.3.0 5.84 54.90 60.74 OK
r-devel-linux-x86_64-debian-gcc 2.3.0 5.22 43.16 48.38 OK
r-devel-linux-x86_64-fedora-clang 2.3.0 73.68 NOTE
r-devel-linux-x86_64-fedora-gcc 2.3.0 67.04 NOTE
r-devel-windows-ix86+x86_64 2.3.0 18.00 118.00 136.00 OK
r-patched-linux-x86_64 2.3.0 6.83 55.08 61.91 OK
r-patched-solaris-x86 2.3.0 103.40 NOTE
r-release-linux-x86_64 2.3.0 6.62 56.07 62.69 OK
r-release-windows-ix86+x86_64 2.3.0 24.00 111.00 135.00 OK
r-release-osx-x86_64 2.3.0 NOTE
r-oldrel-windows-ix86+x86_64 2.3.0 13.00 111.00 124.00 OK
r-oldrel-osx-x86_64 2.3.0 NOTE

Check Details

Version: 2.3.0
Check: dependencies in R code
Result: NOTE
    Namespace in Imports field not imported from: ‘DatabaseConnectorJars’
     All declared Imports should be used.
Flavors: r-devel-linux-x86_64-fedora-clang, r-devel-linux-x86_64-fedora-gcc, r-patched-solaris-x86, r-release-osx-x86_64, r-oldrel-osx-x86_64