CRAN Package Check Results for Package DataEntry

Last updated on 2020-05-24 23:47:41 CEST.

Flavor Version Tinstall Tcheck Ttotal Status Flags
r-devel-linux-x86_64-debian-clang 0.9-3 7.05 51.61 58.66 NOTE
r-devel-linux-x86_64-debian-gcc 0.9-3 6.66 41.96 48.62 NOTE
r-devel-linux-x86_64-fedora-clang 0.9-3 79.89 NOTE
r-devel-linux-x86_64-fedora-gcc 0.9-3 71.51 OK
r-devel-windows-ix86+x86_64 0.9-3 19.00 74.00 93.00 OK
r-patched-linux-x86_64 0.9-3 7.26 51.21 58.47 NOTE
r-patched-solaris-x86 0.9-3 117.50 OK
r-release-linux-x86_64 0.9-3 8.13 51.28 59.41 NOTE
r-release-osx-x86_64 0.9-3 OK
r-release-windows-ix86+x86_64 0.9-3 13.00 82.00 95.00 OK
r-oldrel-osx-x86_64 0.9-3 ERROR
r-oldrel-windows-ix86+x86_64 0.9-3 12.00 74.00 86.00 OK

Check Details

Version: 0.9-3
Check: R code for possible problems
Result: NOTE
    Found the following assignments to the global environment:
    File 'DataEntry/R/Export.R':
     assign(svalue(edObnm), d, envir = .GlobalEnv)
Flavors: r-devel-linux-x86_64-debian-clang, r-devel-linux-x86_64-debian-gcc, r-devel-linux-x86_64-fedora-clang, r-patched-linux-x86_64, r-release-linux-x86_64

Version: 0.9-3
Check: package dependencies
Result: ERROR
    Package required but not available: ‘gWidgets2RGtk2’
    
    See section ‘The DESCRIPTION file’ in the ‘Writing R Extensions’
    manual.
Flavor: r-oldrel-osx-x86_64