Last updated on 2021-04-14 23:47:08 CEST.
Flavor | Version | Tinstall | Tcheck | Ttotal | Status | Flags |
---|---|---|---|---|---|---|
r-devel-linux-x86_64-debian-clang | 0.9-3 | 8.49 | 57.72 | 66.21 | NOTE | |
r-devel-linux-x86_64-debian-gcc | 0.9-3 | 7.19 | 47.57 | 54.76 | NOTE | |
r-devel-linux-x86_64-fedora-clang | 0.9-3 | 95.38 | NOTE | |||
r-devel-linux-x86_64-fedora-gcc | 0.9-3 | 82.77 | OK | |||
r-devel-windows-ix86+x86_64 | 0.9-3 | 15.00 | 74.00 | 89.00 | OK | |
r-devel-windows-x86_64-gcc10-UCRT | 0.9-3 | OK | ||||
r-patched-linux-x86_64 | 0.9-3 | 7.31 | 53.94 | 61.25 | NOTE | |
r-patched-solaris-x86 | 0.9-3 | 132.80 | OK | |||
r-release-linux-x86_64 | 0.9-3 | 8.80 | 54.38 | 63.18 | NOTE | |
r-release-macos-x86_64 | 0.9-3 | OK | ||||
r-release-windows-ix86+x86_64 | 0.9-3 | 14.00 | 77.00 | 91.00 | OK | |
r-oldrel-macos-x86_64 | 0.9-3 | ERROR | ||||
r-oldrel-windows-ix86+x86_64 | 0.9-3 | 12.00 | 51.00 | 63.00 | OK |
Version: 0.9-3
Check: R code for possible problems
Result: NOTE
Found the following assignments to the global environment:
File 'DataEntry/R/Export.R':
assign(svalue(edObnm), d, envir = .GlobalEnv)
Flavors: r-devel-linux-x86_64-debian-clang, r-devel-linux-x86_64-debian-gcc, r-devel-linux-x86_64-fedora-clang, r-patched-linux-x86_64, r-release-linux-x86_64
Version: 0.9-3
Check: package dependencies
Result: ERROR
Package required but not available: ‘gWidgets2RGtk2’
See section ‘The DESCRIPTION file’ in the ‘Writing R Extensions’
manual.
Flavor: r-oldrel-macos-x86_64