CRAN Package Check Results for Package DataEntry

Last updated on 2019-07-22 06:47:36 CEST.

Flavor Version Tinstall Tcheck Ttotal Status Flags
r-devel-linux-x86_64-debian-clang 0.9-3 5.59 47.64 53.23 NOTE
r-devel-linux-x86_64-debian-gcc 0.9-3 6.07 38.61 44.68 NOTE
r-devel-linux-x86_64-fedora-clang 0.9-3 64.50 NOTE
r-devel-linux-x86_64-fedora-gcc 0.9-3 62.42 OK
r-devel-windows-ix86+x86_64 0.9-3 9.00 85.00 94.00 OK
r-patched-linux-x86_64 0.9-3 5.67 46.76 52.43 NOTE
r-patched-solaris-x86 0.9-3 119.60 OK
r-release-linux-x86_64 0.9-3 6.72 46.52 53.24 NOTE
r-release-windows-ix86+x86_64 0.9-3 9.00 52.00 61.00 OK
r-release-osx-x86_64 0.9-3 ERROR
r-oldrel-windows-ix86+x86_64 0.9-3 11.00 79.00 90.00 OK
r-oldrel-osx-x86_64 0.9-3 ERROR

Check Details

Version: 0.9-3
Check: R code for possible problems
Result: NOTE
    Found the following assignments to the global environment:
    File 'DataEntry/R/Export.R':
     assign(svalue(edObnm), d, envir = .GlobalEnv)
Flavors: r-devel-linux-x86_64-debian-clang, r-devel-linux-x86_64-debian-gcc, r-devel-linux-x86_64-fedora-clang, r-patched-linux-x86_64, r-release-linux-x86_64

Version: 0.9-3
Check: package dependencies
Result: ERROR
    Package required but not available: ‘gWidgets2RGtk2’
    
    See section ‘The DESCRIPTION file’ in the ‘Writing R Extensions’
    manual.
Flavors: r-release-osx-x86_64, r-oldrel-osx-x86_64