CRAN Package Check Results for Package DataEntry

Last updated on 2019-05-21 02:47:01 CEST.

Flavor Version Tinstall Tcheck Ttotal Status Flags
r-devel-linux-x86_64-debian-clang 0.9-3 6.27 46.69 52.96 NOTE
r-devel-linux-x86_64-debian-gcc 0.9-3 5.52 38.42 43.94 NOTE
r-devel-linux-x86_64-fedora-clang 0.9-3 68.94 NOTE
r-devel-linux-x86_64-fedora-gcc 0.9-3 67.03 OK
r-devel-windows-ix86+x86_64 0.9-3 14.00 68.00 82.00 OK
r-patched-linux-x86_64 0.9-3 5.86 46.83 52.69 NOTE
r-patched-solaris-x86 0.9-3 118.20 OK
r-release-linux-x86_64 0.9-3 6.31 48.49 54.80 NOTE
r-release-windows-ix86+x86_64 0.9-3 16.00 78.00 94.00 OK
r-release-osx-x86_64 0.9-3 ERROR
r-oldrel-windows-ix86+x86_64 0.9-3 7.00 60.00 67.00 OK
r-oldrel-osx-x86_64 0.9-3 ERROR

Check Details

Version: 0.9-3
Check: R code for possible problems
Result: NOTE
    Found the following assignments to the global environment:
    File 'DataEntry/R/Export.R':
     assign(svalue(edObnm), d, envir = .GlobalEnv)
Flavors: r-devel-linux-x86_64-debian-clang, r-devel-linux-x86_64-debian-gcc, r-devel-linux-x86_64-fedora-clang, r-patched-linux-x86_64, r-release-linux-x86_64

Version: 0.9-3
Check: package dependencies
Result: ERROR
    Packages required but not available: 'RGtk2', 'gWidgets2RGtk2'
    
    See section ‘The DESCRIPTION file’ in the ‘Writing R Extensions’
    manual.
Flavor: r-release-osx-x86_64

Version: 0.9-3
Check: package dependencies
Result: ERROR
    Packages required but not available: ‘RGtk2’ ‘gWidgets2RGtk2’
    
    See section ‘The DESCRIPTION file’ in the ‘Writing R Extensions’
    manual.
Flavor: r-oldrel-osx-x86_64