Last updated on 2023-09-22 00:53:16 CEST.
Flavor | Version | Tinstall | Tcheck | Ttotal | Status | Flags |
---|---|---|---|---|---|---|
r-devel-linux-x86_64-debian-clang | 0.1.2 | 61.46 | 534.51 | 595.97 | OK | |
r-devel-linux-x86_64-debian-gcc | 0.1.2 | 51.25 | 401.02 | 452.27 | OK | |
r-devel-linux-x86_64-fedora-clang | 0.1.2 | 774.96 | OK | |||
r-devel-linux-x86_64-fedora-gcc | 0.1.2 | 794.86 | OK | |||
r-devel-windows-x86_64 | 0.1.2 | 12.00 | 5.00 | 17.00 | ERROR | |
r-patched-linux-x86_64 | 0.1.2 | 48.68 | 511.88 | 560.56 | OK | |
r-release-linux-x86_64 | 0.1.2 | 51.26 | 508.39 | 559.65 | OK | |
r-release-macos-arm64 | 0.1.2 | 6.00 | ERROR | |||
r-release-macos-x86_64 | 0.1.2 | 9.00 | ERROR | |||
r-release-windows-x86_64 | 0.1.2 | 76.00 | 493.00 | 569.00 | OK | |
r-oldrel-macos-arm64 | 0.1.2 | 166.00 | NOTE | |||
r-oldrel-macos-x86_64 | 0.1.2 | 252.00 | OK | |||
r-oldrel-windows-x86_64 | 0.1.2 | 72.00 | 456.00 | 528.00 | OK |
Version: 0.1.2
Check: whether package can be installed
Result: ERROR
Installation failed.
Flavor: r-devel-windows-x86_64
Version: 0.1.2
Check: package dependencies
Result: ERROR
Package required but not available: ‘GSVA’
See section ‘The DESCRIPTION file’ in the ‘Writing R Extensions’
manual.
Flavors: r-release-macos-arm64, r-release-macos-x86_64
Version: 0.1.2
Check: installed package size
Result: NOTE
installed size is 5.4Mb
sub-directories of 1Mb or more:
data 5.0Mb
Flavor: r-oldrel-macos-arm64