CRAN Package Check Results for Package DRviaSPCN

Last updated on 2022-09-25 23:56:12 CEST.

Flavor Version Tinstall Tcheck Ttotal Status Flags
r-devel-linux-x86_64-debian-clang 0.1.2 64.62 520.10 584.72 OK
r-devel-linux-x86_64-debian-gcc 0.1.2 49.76 389.43 439.19 OK
r-devel-linux-x86_64-fedora-clang 0.1.2 772.89 OK
r-devel-linux-x86_64-fedora-gcc 0.1.2 733.62 OK
r-devel-windows-x86_64 0.1.2 163.00 486.00 649.00 OK
r-patched-linux-x86_64 0.1.2 62.78 492.00 554.78 OK
r-release-linux-x86_64 0.1.2 53.14 484.52 537.66 OK
r-release-macos-arm64 0.1.2 166.00 NOTE
r-release-macos-x86_64 0.1.2 252.00 OK
r-release-windows-x86_64 0.1.2 183.00 508.00 691.00 OK
r-oldrel-macos-arm64 0.1.2 177.00 NOTE
r-oldrel-macos-x86_64 0.1.2 230.00 OK
r-oldrel-windows-ix86+x86_64 0.1.2 130.00 497.00 627.00 OK

Check Details

Version: 0.1.2
Check: installed package size
Result: NOTE
     installed size is 5.4Mb
     sub-directories of 1Mb or more:
     data 5.0Mb
Flavors: r-release-macos-arm64, r-oldrel-macos-arm64