CRAN Package Check Results for Package DRomics

Last updated on 2024-07-19 00:53:17 CEST.

Flavor Version Tinstall Tcheck Ttotal Status Flags
r-devel-linux-x86_64-debian-clang 2.5-2 45.10 893.62 938.72 OK
r-devel-linux-x86_64-debian-gcc 2.5-2 31.83 640.99 672.82 OK
r-devel-linux-x86_64-fedora-clang 2.5-2 1169.76 NOTE
r-devel-linux-x86_64-fedora-gcc 2.5-2 1129.95 OK
r-devel-windows-x86_64 2.5-2 38.00 569.00 607.00 NOTE
r-patched-linux-x86_64 2.5-2 42.57 844.23 886.80 OK
r-release-linux-x86_64 2.5-2 28.68 843.60 872.28 OK
r-release-macos-arm64 2.5-2 295.00 NOTE
r-release-macos-x86_64 2.5-2 479.00 NOTE
r-release-windows-x86_64 2.5-2 36.00 572.00 608.00 NOTE
r-oldrel-macos-arm64 2.5-2 301.00 NOTE
r-oldrel-macos-x86_64 2.5-2 609.00 NOTE
r-oldrel-windows-x86_64 2.5-2 49.00 789.00 838.00 NOTE

Check Details

Version: 2.5-2
Check: installed package size
Result: NOTE installed size is 6.1Mb sub-directories of 1Mb or more: doc 2.9Mb Flavors: r-devel-linux-x86_64-fedora-clang, r-devel-windows-x86_64, r-release-macos-arm64, r-release-macos-x86_64, r-release-windows-x86_64, r-oldrel-macos-arm64, r-oldrel-macos-x86_64, r-oldrel-windows-x86_64

Version: 2.5-2
Check: Rd cross-references
Result: NOTE Found the following Rd file(s) with Rd \link{} targets missing package anchors: RNAseqdata.Rd: rlog, vst itemselect.Rd: lmFit, eBayes, topTable, DESeqDataSetFromMatrix, DESeq, results microarraydata.Rd: normalizeBetweenArrays Please provide package anchors for all Rd \link{} targets not in the package itself and the base packages. Flavor: r-devel-windows-x86_64