CRAN Package Check Results for Package DRR

Last updated on 2022-01-21 23:48:44 CET.

Flavor Version Tinstall Tcheck Ttotal Status Flags
r-devel-linux-x86_64-debian-clang 0.0.4 8.03 271.28 279.31 NOTE
r-devel-linux-x86_64-debian-gcc 0.0.4 7.00 204.32 211.32 NOTE
r-devel-linux-x86_64-fedora-clang 0.0.4 325.02 NOTE
r-devel-linux-x86_64-fedora-gcc 0.0.4 313.98 NOTE
r-devel-windows-x86_64-new-UL 0.0.4 22.00 307.00 329.00 NOTE
r-devel-windows-x86_64-new-TK 0.0.4 NOTE
r-patched-linux-x86_64 0.0.4 5.75 265.73 271.48 NOTE
r-release-linux-x86_64 0.0.4 7.64 263.98 271.62 NOTE
r-release-macos-arm64 0.0.4 NOTE
r-release-macos-x86_64 0.0.4 NOTE
r-release-windows-ix86+x86_64 0.0.4 20.00 299.00 319.00 NOTE
r-oldrel-macos-x86_64 0.0.4 OK
r-oldrel-windows-ix86+x86_64 0.0.4 21.00 310.00 331.00 OK

Check Details

Version: 0.0.4
Check: LazyData
Result: NOTE
     'LazyData' is specified without a 'data' directory
Flavors: r-devel-linux-x86_64-debian-clang, r-devel-linux-x86_64-debian-gcc, r-devel-linux-x86_64-fedora-clang, r-devel-linux-x86_64-fedora-gcc, r-devel-windows-x86_64-new-UL, r-devel-windows-x86_64-new-TK, r-patched-linux-x86_64, r-release-linux-x86_64, r-release-macos-arm64, r-release-macos-x86_64, r-release-windows-ix86+x86_64