CRAN Package Check Results for Package DRAFT

Last updated on 2019-10-13 23:47:18 CEST.

Flavor Version Tinstall Tcheck Ttotal Status Flags
r-devel-linux-x86_64-debian-clang 0.3.0 5.41 41.68 47.09 OK
r-devel-linux-x86_64-debian-gcc 0.3.0 4.72 30.71 35.43 OK
r-devel-linux-x86_64-fedora-clang 0.3.0 55.82 NOTE
r-devel-linux-x86_64-fedora-gcc 0.3.0 53.71 NOTE
r-devel-windows-ix86+x86_64 0.3.0 18.00 49.00 67.00 OK
r-patched-linux-x86_64 0.3.0 5.60 39.05 44.65 OK
r-patched-solaris-x86 0.3.0 60.60 NOTE
r-release-linux-x86_64 0.3.0 5.19 39.38 44.57 OK
r-release-windows-ix86+x86_64 0.3.0 28.00 70.00 98.00 OK
r-release-osx-x86_64 0.3.0 NOTE
r-oldrel-windows-ix86+x86_64 0.3.0 15.00 48.00 63.00 OK
r-oldrel-osx-x86_64 0.3.0 NOTE

Check Details

Version: 0.3.0
Check: dependencies in R code
Result: NOTE
    Namespaces in Imports field not imported from:
     ‘tools’ ‘utils’
     All declared Imports should be used.
Flavors: r-devel-linux-x86_64-fedora-clang, r-devel-linux-x86_64-fedora-gcc, r-patched-solaris-x86, r-release-osx-x86_64, r-oldrel-osx-x86_64