CRAN Package Check Results for Package DPP

Last updated on 2022-11-28 22:51:21 CET.

Flavor Version Tinstall Tcheck Ttotal Status Flags
r-devel-linux-x86_64-debian-clang 0.1.2 50.91 57.72 108.63 OK
r-devel-linux-x86_64-debian-gcc 0.1.2 45.59 44.34 89.93 OK
r-devel-linux-x86_64-fedora-clang 0.1.2 177.21 OK
r-devel-linux-x86_64-fedora-gcc 0.1.2 158.71 OK
r-devel-windows-x86_64 0.1.2 57.00 107.00 164.00 OK
r-patched-linux-x86_64 0.1.2 45.91 56.90 102.81 OK
r-release-linux-x86_64 0.1.2 47.53 56.22 103.75 OK
r-release-macos-arm64 0.1.2 40.00 NOTE
r-release-macos-x86_64 0.1.2 54.00 NOTE
r-release-windows-x86_64 0.1.2 63.00 110.00 173.00 OK
r-oldrel-macos-arm64 0.1.2 46.00 NOTE
r-oldrel-macos-x86_64 0.1.2 83.00 NOTE
r-oldrel-windows-ix86+x86_64 0.1.2 125.00 121.00 246.00 OK

Check Details

Version: 0.1.2
Check: installed package size
Result: NOTE
     installed size is 6.1Mb
     sub-directories of 1Mb or more:
     libs 5.5Mb
Flavors: r-release-macos-arm64, r-release-macos-x86_64, r-oldrel-macos-arm64, r-oldrel-macos-x86_64