CRAN Package Check Results for Package DPP

Last updated on 2019-09-08 23:47:11 CEST.

Flavor Version Tinstall Tcheck Ttotal Status Flags
r-devel-linux-x86_64-debian-clang 0.1.2 OK
r-devel-linux-x86_64-debian-gcc 0.1.2 39.37 37.29 76.66 OK
r-devel-linux-x86_64-fedora-clang 0.1.2 130.94 NOTE
r-devel-linux-x86_64-fedora-gcc 0.1.2 134.90 OK
r-devel-windows-ix86+x86_64 0.1.2 114.00 78.00 192.00 OK
r-patched-linux-x86_64 0.1.2 41.34 46.71 88.05 OK
r-patched-solaris-x86 0.1.2 132.50 OK
r-release-linux-x86_64 0.1.2 42.10 46.85 88.95 OK
r-release-windows-ix86+x86_64 0.1.2 91.00 83.00 174.00 OK
r-release-osx-x86_64 0.1.2 NOTE
r-oldrel-windows-ix86+x86_64 0.1.2 111.00 82.00 193.00 OK
r-oldrel-osx-x86_64 0.1.2 NOTE

Check Details

Version: 0.1.2
Check: installed package size
Result: NOTE
     installed size is 6.0Mb
     sub-directories of 1Mb or more:
     libs 5.5Mb
Flavors: r-devel-linux-x86_64-fedora-clang, r-release-osx-x86_64, r-oldrel-osx-x86_64