CRAN Package Check Results for Package DPP

Last updated on 2019-06-07 02:50:49 CEST.

Flavor Version Tinstall Tcheck Ttotal Status Flags
r-devel-linux-x86_64-debian-clang 0.1.2 43.39 46.87 90.26 OK
r-devel-linux-x86_64-debian-gcc 0.1.2 38.72 36.96 75.68 OK
r-devel-linux-x86_64-fedora-clang 0.1.2 129.90 NOTE
r-devel-linux-x86_64-fedora-gcc 0.1.2 119.05 OK
r-devel-windows-ix86+x86_64 0.1.2 131.00 115.00 246.00 OK
r-patched-linux-x86_64 0.1.2 43.57 46.82 90.39 OK
r-patched-solaris-x86 0.1.2 138.90 OK
r-release-linux-x86_64 0.1.2 43.51 47.48 90.99 OK
r-release-windows-ix86+x86_64 0.1.2 108.00 112.00 220.00 OK
r-release-osx-x86_64 0.1.2 NOTE
r-oldrel-windows-ix86+x86_64 0.1.2 109.00 111.00 220.00 OK
r-oldrel-osx-x86_64 0.1.2 NOTE

Check Details

Version: 0.1.2
Check: installed package size
Result: NOTE
     installed size is 5.6Mb
     sub-directories of 1Mb or more:
     libs 5.1Mb
Flavors: r-devel-linux-x86_64-fedora-clang, r-release-osx-x86_64, r-oldrel-osx-x86_64