CRAN Package Check Results for Package DPBBM

Last updated on 2020-02-17 00:49:09 CET.

Flavor Version Tinstall Tcheck Ttotal Status Flags
r-devel-linux-x86_64-debian-clang 0.2.5 8.64 74.13 82.77 OK
r-devel-linux-x86_64-debian-gcc 0.2.5 8.25 58.73 66.98 OK
r-devel-linux-x86_64-fedora-clang 0.2.5 104.79 WARN
r-devel-windows-ix86+x86_64 0.2.5 22.00 90.00 112.00 OK
r-devel-windows-ix86+x86_64-gcc8 0.2.5 29.00 112.00 141.00 OK
r-patched-linux-x86_64 0.2.5 7.20 65.70 72.90 OK
r-patched-solaris-x86 0.2.5 139.30 OK
r-release-linux-x86_64 0.2.5 8.61 67.33 75.94 OK
r-release-windows-ix86+x86_64 0.2.5 18.00 97.00 115.00 OK
r-release-osx-x86_64 0.2.5 OK
r-oldrel-windows-ix86+x86_64 0.2.5 11.00 114.00 125.00 OK
r-oldrel-osx-x86_64 0.2.5 OK

Check Details

Version: 0.2.5
Check: package dependencies
Result: WARN
    Requires orphaned package: ‘gplots’
Flavor: r-devel-linux-x86_64-fedora-clang