Last updated on 2022-06-25 23:56:16 CEST.
Flavor | Version | Tinstall | Tcheck | Ttotal | Status | Flags |
---|---|---|---|---|---|---|
r-devel-linux-x86_64-debian-clang | 0.5.2 | 3.39 | 37.54 | 40.93 | OK | |
r-devel-linux-x86_64-debian-gcc | 0.5.2 | 2.79 | 29.27 | 32.06 | OK | |
r-devel-linux-x86_64-fedora-clang | 0.5.2 | 60.68 | OK | |||
r-devel-linux-x86_64-fedora-gcc | 0.5.2 | 62.09 | OK | |||
r-devel-windows-x86_64 | 0.5.2 | 24.00 | 66.00 | 90.00 | OK | |
r-patched-linux-x86_64 | 0.5.2 | 3.94 | 36.31 | 40.25 | OK | |
r-release-linux-x86_64 | 0.5.2 | 3.37 | 36.09 | 39.46 | OK | |
r-release-macos-arm64 | 0.5.2 | 20.00 | OK | |||
r-release-macos-x86_64 | 0.5.2 | 29.00 | NOTE | |||
r-release-windows-x86_64 | 0.5.2 | 20.00 | 64.00 | 84.00 | OK | |
r-oldrel-macos-arm64 | 0.5.2 | 27.00 | OK | |||
r-oldrel-macos-x86_64 | 0.5.2 | 40.00 | OK | |||
r-oldrel-windows-ix86+x86_64 | 0.5.2 | 10.00 | 60.00 | 70.00 | OK |
Version: 0.5.2
Check: package dependencies
Result: NOTE
Package suggested but not available for checking: ‘DiPs’
Flavor: r-release-macos-x86_64