CRAN Package Check Results for Package DIDmultiplegt

Last updated on 2023-02-08 00:03:22 CET.

Flavor Version Tinstall Tcheck Ttotal Status Flags
r-devel-linux-x86_64-debian-clang 0.1.0 6.67 582.72 589.39 NOTE
r-devel-linux-x86_64-debian-gcc 0.1.0 5.24 422.38 427.62 NOTE
r-devel-linux-x86_64-fedora-clang 0.1.0 252.78 NOTE
r-devel-linux-x86_64-fedora-gcc 0.1.0 737.46 NOTE
r-devel-windows-x86_64 0.1.0 18.00 592.00 610.00 NOTE
r-patched-linux-x86_64 0.1.0 5.75 548.62 554.37 NOTE
r-release-linux-x86_64 0.1.0 7.01 562.65 569.66 NOTE
r-release-macos-arm64 0.1.0 48.00 NOTE
r-release-macos-x86_64 0.1.0 107.00 NOTE
r-release-windows-x86_64 0.1.0 20.00 236.00 256.00 NOTE
r-oldrel-macos-arm64 0.1.0 58.00 NOTE
r-oldrel-macos-x86_64 0.1.0 103.00 NOTE
r-oldrel-windows-ix86+x86_64 0.1.0 16.00 662.00 678.00 NOTE

Check Details

Version: 0.1.0
Check: LazyData
Result: NOTE
     'LazyData' is specified without a 'data' directory
Flavors: r-devel-linux-x86_64-debian-clang, r-devel-linux-x86_64-debian-gcc, r-devel-linux-x86_64-fedora-clang, r-devel-linux-x86_64-fedora-gcc, r-devel-windows-x86_64, r-patched-linux-x86_64, r-release-linux-x86_64, r-release-macos-arm64, r-release-macos-x86_64, r-release-windows-x86_64, r-oldrel-macos-arm64, r-oldrel-macos-x86_64, r-oldrel-windows-ix86+x86_64