CRAN Package Check Results for Package DGM

Last updated on 2023-09-22 00:53:16 CEST.

Flavor Version Tinstall Tcheck Ttotal Status Flags
r-devel-linux-x86_64-debian-clang 1.7.4 42.62 134.27 176.89 NOTE
r-devel-linux-x86_64-debian-gcc 1.7.4 32.06 96.03 128.09 NOTE
r-devel-linux-x86_64-fedora-clang 1.7.4 224.69 NOTE
r-devel-linux-x86_64-fedora-gcc 1.7.4 216.30 NOTE
r-devel-windows-x86_64 1.7.4 37.00 131.00 168.00 NOTE
r-patched-linux-x86_64 1.7.4 42.52 123.95 166.47 NOTE
r-release-linux-x86_64 1.7.4 41.50 124.63 166.13 NOTE
r-release-macos-arm64 1.7.4 57.00 NOTE
r-release-macos-x86_64 1.7.4 106.00 NOTE
r-release-windows-x86_64 1.7.4 49.00 157.00 206.00 NOTE
r-oldrel-macos-arm64 1.7.4 58.00 OK
r-oldrel-macos-x86_64 1.7.4 107.00 OK
r-oldrel-windows-x86_64 1.7.4 45.00 157.00 202.00 OK

Check Details

Version: 1.7.4
Check: C++ specification
Result: NOTE
     Specified C++11: please drop specification unless essential
Flavors: r-devel-linux-x86_64-debian-clang, r-devel-linux-x86_64-debian-gcc, r-devel-linux-x86_64-fedora-clang, r-devel-linux-x86_64-fedora-gcc, r-devel-windows-x86_64, r-patched-linux-x86_64, r-release-linux-x86_64, r-release-macos-arm64, r-release-macos-x86_64, r-release-windows-x86_64