CRAN Package Check Results for Package DEET

Last updated on 2022-11-29 22:53:34 CET.

Flavor Version Tinstall Tcheck Ttotal Status Flags
r-devel-linux-x86_64-debian-clang 1.0.6 12.52 127.21 139.73 OK
r-devel-linux-x86_64-debian-gcc 1.0.6 9.60 94.18 103.78 OK
r-devel-linux-x86_64-fedora-clang 1.0.6 191.15 NOTE
r-devel-linux-x86_64-fedora-gcc 1.0.6 173.65 NOTE
r-devel-windows-x86_64 1.0.6 26.00 154.00 180.00 OK
r-patched-linux-x86_64 1.0.6 14.41 118.33 132.74 OK
r-release-linux-x86_64 1.0.6 12.02 119.58 131.60 OK
r-release-macos-arm64 1.0.6 54.00 NOTE
r-release-macos-x86_64 1.0.6 69.00 NOTE
r-release-windows-x86_64 1.0.6 25.00 157.00 182.00 OK
r-oldrel-macos-arm64 1.0.6 53.00 NOTE
r-oldrel-macos-x86_64 1.0.6 70.00 NOTE
r-oldrel-windows-ix86+x86_64 1.0.6 29.00 145.00 174.00 WARN

Check Details

Version: 1.0.6
Check: data for non-ASCII characters
Result: NOTE
     Note: found 8 marked UTF-8 strings
Flavors: r-devel-linux-x86_64-fedora-clang, r-devel-linux-x86_64-fedora-gcc, r-release-macos-arm64, r-release-macos-x86_64, r-oldrel-macos-arm64, r-oldrel-macos-x86_64

Version: 1.0.6
Check: data for non-ASCII characters
Result: WARN
     Warning: found non-ASCII strings
     'SRP05673: monocyte derived macrophages. none vs bacillus Calmette-Gu<c3><83><c2><a9>rin' in object 'DEET_example_data'
     'treated with: 100 nM 17<c3><9f>-estradiol + 25 ng/mL TNFa for 40min:3' in object 'DEET_example_data'
     'treated with: 100 nM 17<c3><9f>-estradiol (E2) for 40min:3' in object 'DEET_example_data'
Flavor: r-oldrel-windows-ix86+x86_64