CRAN Package Check Results for Package DDPNA

Last updated on 2021-04-22 23:49:36 CEST.

Flavor Version Tinstall Tcheck Ttotal Status Flags
r-devel-linux-x86_64-debian-clang 0.2.6 21.48 180.46 201.94 OK
r-devel-linux-x86_64-debian-gcc 0.2.6 17.17 133.81 150.98 OK
r-devel-linux-x86_64-fedora-clang 0.2.6 242.38 OK
r-devel-linux-x86_64-fedora-gcc 0.2.6 231.17 OK
r-devel-windows-ix86+x86_64 0.2.6 44.00 208.00 252.00 OK
r-devel-windows-x86_64-gcc10-UCRT 0.2.6 OK
r-patched-linux-x86_64 0.2.6 18.96 164.51 183.47 OK
r-patched-solaris-x86 0.2.6 323.90 OK
r-release-linux-x86_64 0.2.6 17.95 166.60 184.55 OK
r-release-macos-x86_64 0.2.6 OK
r-release-windows-ix86+x86_64 0.2.6 46.00 208.00 254.00 OK
r-oldrel-macos-x86_64 0.2.6 NOTE
r-oldrel-windows-ix86+x86_64 0.2.6 37.00 201.00 238.00 OK

Check Details

Version: 0.2.6
Check: package dependencies
Result: NOTE
    Package suggested but not available for checking: ‘WGCNA’
Flavor: r-oldrel-macos-x86_64