CRAN Package Check Results for Package DDPGPSurv

Last updated on 2019-07-15 00:50:27 CEST.

Flavor Version Tinstall Tcheck Ttotal Status Flags
r-devel-linux-x86_64-debian-clang 1.0 34.17 67.77 101.94 NOTE
r-devel-linux-x86_64-debian-gcc 1.0 29.56 53.61 83.17 NOTE
r-devel-linux-x86_64-fedora-clang 1.0 134.21 NOTE
r-devel-linux-x86_64-fedora-gcc 1.0 133.38 NOTE
r-devel-windows-ix86+x86_64 1.0 60.00 111.00 171.00 OK
r-patched-linux-x86_64 1.0 35.98 67.90 103.88 NOTE
r-patched-solaris-x86 1.0 163.90 OK
r-release-linux-x86_64 1.0 33.06 67.17 100.23 NOTE
r-release-windows-ix86+x86_64 1.0 60.00 153.00 213.00 OK
r-release-osx-x86_64 1.0 OK
r-oldrel-windows-ix86+x86_64 1.0 80.00 107.00 187.00 OK
r-oldrel-osx-x86_64 1.0 OK

Check Details

Version: 1.0
Check: use of SHLIB_OPENMP_*FLAGS in Makefiles
Result: NOTE
     src/Makevars: SHLIB_OPENMP_CXXFLAGS is included in PKG_CXXFLAGS but not in PKG_LIBS
     src/Makevars: SHLIB_OPENMP_CFLAGS is included in PKG_LIBS but linking is by C++
     src/Makevars.win: SHLIB_OPENMP_CXXFLAGS is included in PKG_CXXFLAGS but not in PKG_LIBS
     src/Makevars.win: SHLIB_OPENMP_CFLAGS is included in PKG_LIBS but linking is by C++
    Use of these macros is discussed in sect 1.2.1.1 of 'Writing R
    Extensions'. The macros for different languages may differ so the
    matching macro must be used in PKG_CXXFLAGS (etc) and match that used
    in PKG_LIBS (except for Fortran: see the manual).
Flavors: r-devel-linux-x86_64-debian-clang, r-devel-linux-x86_64-debian-gcc, r-devel-linux-x86_64-fedora-clang, r-devel-linux-x86_64-fedora-gcc, r-patched-linux-x86_64, r-release-linux-x86_64