CRAN Package Check Results for Package DDPGPSurv

Last updated on 2019-10-20 23:47:23 CEST.

Flavor Version Tinstall Tcheck Ttotal Status Flags
r-devel-linux-x86_64-debian-clang 1.0 41.28 67.44 108.72 NOTE
r-devel-linux-x86_64-debian-gcc 1.0 29.66 53.04 82.70 NOTE
r-devel-linux-x86_64-fedora-clang 1.0 139.38 NOTE
r-devel-linux-x86_64-fedora-gcc 1.0 134.89 NOTE
r-devel-windows-ix86+x86_64 1.0 64.00 161.00 225.00 OK
r-patched-linux-x86_64 1.0 32.69 66.48 99.17 NOTE
r-patched-solaris-x86 1.0 160.70 OK
r-release-linux-x86_64 1.0 35.38 66.83 102.21 NOTE
r-release-windows-ix86+x86_64 1.0 83.00 109.00 192.00 OK
r-release-osx-x86_64 1.0 OK
r-oldrel-windows-ix86+x86_64 1.0 58.00 109.00 167.00 OK
r-oldrel-osx-x86_64 1.0 OK

Check Details

Version: 1.0
Check: use of SHLIB_OPENMP_*FLAGS in Makefiles
Result: NOTE
     src/Makevars: SHLIB_OPENMP_CXXFLAGS is included in PKG_CXXFLAGS but not in PKG_LIBS
     src/Makevars: SHLIB_OPENMP_CFLAGS is included in PKG_LIBS but linking is by C++
     src/Makevars.win: SHLIB_OPENMP_CXXFLAGS is included in PKG_CXXFLAGS but not in PKG_LIBS
     src/Makevars.win: SHLIB_OPENMP_CFLAGS is included in PKG_LIBS but linking is by C++
    Use of these macros is discussed in sect 1.2.1.1 of 'Writing R
    Extensions'. The macros for different languages may differ so the
    matching macro must be used in PKG_CXXFLAGS (etc) and match that used
    in PKG_LIBS (except for Fortran: see the manual).
Flavors: r-devel-linux-x86_64-debian-clang, r-devel-linux-x86_64-debian-gcc, r-devel-linux-x86_64-fedora-clang, r-devel-linux-x86_64-fedora-gcc, r-patched-linux-x86_64, r-release-linux-x86_64