CRAN Package Check Results for Package DAMOCLES

Last updated on 2019-09-15 23:46:17 CEST.

Flavor Version Tinstall Tcheck Ttotal Status Flags
r-devel-linux-x86_64-debian-clang 1.1 9.13 83.94 93.07 NOTE
r-devel-linux-x86_64-debian-gcc 1.1 7.55 64.83 72.38 NOTE
r-devel-linux-x86_64-fedora-clang 1.1 108.91 NOTE
r-devel-linux-x86_64-fedora-gcc 1.1 108.10 NOTE
r-devel-windows-ix86+x86_64 1.1 29.00 122.00 151.00 NOTE
r-patched-linux-x86_64 1.1 8.23 82.51 90.74 NOTE
r-patched-solaris-x86 1.1 164.70 NOTE
r-release-linux-x86_64 1.1 7.35 81.85 89.20 NOTE
r-release-windows-ix86+x86_64 1.1 15.00 89.00 104.00 NOTE
r-release-osx-x86_64 1.1 NOTE
r-oldrel-windows-ix86+x86_64 1.1 16.00 92.00 108.00 NOTE
r-oldrel-osx-x86_64 1.1 NOTE

Check Details

Version: 1.1
Check: R code for possible problems
Result: NOTE
    DAMOCLES_ML: no visible global function definition for 'flush.console'
    DAMOCLES_bootstrap: no visible global function definition for
     'cophenetic'
    DAMOCLES_bootstrap: no visible global function definition for 'sd'
    DAMOCLES_bootstrap: no visible global function definition for
     'quantile'
    DAMOCLES_sim: no visible global function definition for 'na.omit'
    DAMOCLES_sim: no visible global function definition for 'runif'
    DAMOCLES_sim: no visible global function definition for 'lines'
    DAMOCLES_sim: no visible global function definition for 'rnorm'
    DAMOCLES_sim: no visible global function definition for 'dexp'
    DAMOCLES_sim: no visible global function definition for 'dist'
    DAMOCLES_simplex: no visible global function definition for
     'flush.console'
    Undefined global functions or variables:
     cophenetic dexp dist flush.console lines na.omit quantile rnorm runif
     sd
    Consider adding
     importFrom("graphics", "lines")
     importFrom("stats", "cophenetic", "dexp", "dist", "na.omit",
     "quantile", "rnorm", "runif", "sd")
     importFrom("utils", "flush.console")
    to your NAMESPACE file.
Flavors: r-devel-linux-x86_64-debian-clang, r-devel-linux-x86_64-debian-gcc, r-devel-linux-x86_64-fedora-clang, r-devel-linux-x86_64-fedora-gcc, r-devel-windows-ix86+x86_64, r-patched-linux-x86_64, r-patched-solaris-x86, r-release-linux-x86_64, r-release-windows-ix86+x86_64, r-release-osx-x86_64, r-oldrel-windows-ix86+x86_64, r-oldrel-osx-x86_64