CRAN Package Check Results for Package DAMOCLES

Last updated on 2020-01-19 23:46:41 CET.

Flavor Version Tinstall Tcheck Ttotal Status Flags
r-devel-linux-x86_64-debian-clang 1.1 9.92 90.99 100.91 NOTE
r-devel-linux-x86_64-debian-gcc 1.1 7.37 68.99 76.36 NOTE
r-devel-linux-x86_64-fedora-clang 1.1 119.04 WARN
r-devel-linux-x86_64-fedora-gcc 1.1 123.13 NOTE
r-devel-windows-ix86+x86_64 1.1 25.00 140.00 165.00 NOTE
r-devel-windows-ix86+x86_64-gcc8 1.1 18.00 101.00 119.00 NOTE
r-patched-linux-x86_64 1.1 8.12 81.46 89.58 NOTE
r-patched-solaris-x86 1.1 161.40 NOTE
r-release-linux-x86_64 1.1 8.46 81.00 89.46 NOTE
r-release-windows-ix86+x86_64 1.1 24.00 93.00 117.00 NOTE
r-release-osx-x86_64 1.1 NOTE
r-oldrel-windows-ix86+x86_64 1.1 9.00 84.00 93.00 NOTE
r-oldrel-osx-x86_64 1.1 NOTE

Check Details

Version: 1.1
Check: R code for possible problems
Result: NOTE
    DAMOCLES_ML: no visible global function definition for 'flush.console'
    DAMOCLES_bootstrap: no visible global function definition for
     'cophenetic'
    DAMOCLES_bootstrap: no visible global function definition for 'sd'
    DAMOCLES_bootstrap: no visible global function definition for
     'quantile'
    DAMOCLES_sim: no visible global function definition for 'na.omit'
    DAMOCLES_sim: no visible global function definition for 'runif'
    DAMOCLES_sim: no visible global function definition for 'lines'
    DAMOCLES_sim: no visible global function definition for 'rnorm'
    DAMOCLES_sim: no visible global function definition for 'dexp'
    DAMOCLES_sim: no visible global function definition for 'dist'
    DAMOCLES_simplex: no visible global function definition for
     'flush.console'
    Undefined global functions or variables:
     cophenetic dexp dist flush.console lines na.omit quantile rnorm runif
     sd
    Consider adding
     importFrom("graphics", "lines")
     importFrom("stats", "cophenetic", "dexp", "dist", "na.omit",
     "quantile", "rnorm", "runif", "sd")
     importFrom("utils", "flush.console")
    to your NAMESPACE file.
Flavors: r-devel-linux-x86_64-debian-clang, r-devel-linux-x86_64-debian-gcc, r-devel-linux-x86_64-fedora-clang, r-devel-linux-x86_64-fedora-gcc, r-devel-windows-ix86+x86_64, r-devel-windows-ix86+x86_64-gcc8, r-patched-linux-x86_64, r-patched-solaris-x86, r-release-linux-x86_64, r-release-windows-ix86+x86_64, r-release-osx-x86_64, r-oldrel-windows-ix86+x86_64, r-oldrel-osx-x86_64

Version: 1.1
Check: package dependencies
Result: WARN
    Requires orphaned package: ‘geiger’
Flavor: r-devel-linux-x86_64-fedora-clang