Last updated on 2022-06-29 23:53:17 CEST.
Flavor | Version | Tinstall | Tcheck | Ttotal | Status | Flags |
---|---|---|---|---|---|---|
r-devel-linux-x86_64-debian-clang | 4.2.0 | 142.96 | 620.93 | 763.89 | OK | |
r-devel-linux-x86_64-debian-gcc | 4.2.0 | 104.10 | 423.89 | 527.99 | OK | |
r-devel-linux-x86_64-fedora-clang | 4.2.0 | 982.56 | NOTE | |||
r-devel-linux-x86_64-fedora-gcc | 4.2.0 | 1043.81 | OK | |||
r-devel-windows-x86_64 | 4.2.0 | 190.00 | 610.00 | 800.00 | NOTE | |
r-patched-linux-x86_64 | 4.2.0 | 117.88 | 556.16 | 674.04 | OK | |
r-release-linux-x86_64 | 4.2.0 | 110.85 | 586.98 | 697.83 | OK | |
r-release-macos-arm64 | 4.2.0 | 201.00 | NOTE | |||
r-release-macos-x86_64 | 4.2.0 | 300.00 | NOTE | |||
r-release-windows-x86_64 | 4.2.0 | 102.00 | 636.00 | 738.00 | NOTE | |
r-oldrel-macos-arm64 | 4.2.0 | 198.00 | NOTE | |||
r-oldrel-macos-x86_64 | 4.2.0 | 268.00 | NOTE | |||
r-oldrel-windows-ix86+x86_64 | 4.2.0 | 237.00 | 1023.00 | 1260.00 | NOTE |
Version: 4.2.0
Check: installed package size
Result: NOTE
installed size is 23.8Mb
sub-directories of 1Mb or more:
libs 21.8Mb
Flavors: r-devel-linux-x86_64-fedora-clang, r-release-macos-arm64, r-release-macos-x86_64, r-oldrel-macos-arm64, r-oldrel-macos-x86_64, r-oldrel-windows-ix86+x86_64
Version: 4.2.0
Check: package dependencies
Result: NOTE
Package which this enhances but not available for checking: 'doMC'
Flavors: r-devel-windows-x86_64, r-release-windows-x86_64, r-oldrel-windows-ix86+x86_64